{"id":112,"date":"2020-11-10T14:56:52","date_gmt":"2020-11-10T14:56:52","guid":{"rendered":"https:\/\/berdemozes.ro\/?page_id=112"},"modified":"2024-12-12T18:49:18","modified_gmt":"2024-12-12T18:49:18","slug":"munkakozosseg","status":"publish","type":"page","link":"https:\/\/berdemozes.ro\/index.php\/munkakozosseg\/","title":{"rendered":"Munkak\u00f6z\u00f6ss\u00e9g"},"content":{"rendered":"\n<p><strong>Igazgat\u00f3s\u00e1g<\/strong><\/p>\n\n\n\n<figure class=\"wp-block-table\"><table><tbody><tr><td><strong>N\u00e9v<\/strong><\/td><td><strong>Beoszt\u00e1s<\/strong><\/td><td><strong>El\u00e9rhet\u0151s\u00e9g<\/strong><\/td><\/tr><tr><td>Dr. Lakatos S\u00e1ndor<\/td><td>igazgat\u00f3, unit\u00e1rius lelk\u00e9sz-vall\u00e1stan\u00e1r<\/td><td>lakatos.sandor@berdemozes.ro<\/td><\/tr><tr><td>Czire Alp\u00e1r<\/td><td>aligazgat\u00f3, testnevel\u0151 tan\u00e1r<\/td><td>czire.alpar@berdemozes.ro<\/td><\/tr><tr><td>Farkas Orsolya<\/td><td>unit\u00e1rius lelk\u00e9sz-vall\u00e1stan\u00e1r<\/td><td>farkas.orsolya@berdemozes.ro<\/td><\/tr><\/tbody><\/table><\/figure>\n\n\n\n<figure class=\"wp-block-image size-large\"><img fetchpriority=\"high\" decoding=\"async\" width=\"1024\" height=\"683\" src=\"http:\/\/berdemozes.ro\/wp-content\/uploads\/2024\/01\/tanari_resize-1024x683.jpg\" alt=\"\" class=\"wp-image-4495\" srcset=\"https:\/\/berdemozes.ro\/wp-content\/uploads\/2024\/01\/tanari_resize-1024x683.jpg 1024w, https:\/\/berdemozes.ro\/wp-content\/uploads\/2024\/01\/tanari_resize-300x200.jpg 300w, https:\/\/berdemozes.ro\/wp-content\/uploads\/2024\/01\/tanari_resize-768x512.jpg 768w, https:\/\/berdemozes.ro\/wp-content\/uploads\/2024\/01\/tanari_resize-391x260.jpg 391w, https:\/\/berdemozes.ro\/wp-content\/uploads\/2024\/01\/tanari_resize.jpg 1500w\" sizes=\"(max-width: 1024px) 100vw, 1024px\" \/><\/figure>\n\n\n\n<p><strong>Tan\u00e1ri kar<\/strong><\/p>\n\n\n\n<figure class=\"wp-block-table\"><table><tbody><tr><td><strong>N\u00e9v<\/strong><\/td><td><strong>Beoszt\u00e1s<\/strong><\/td><td><strong>El\u00e9rhet\u0151s\u00e9g<\/strong><\/td><\/tr><tr><td>B\u00e1lint Roz\u00e1lia<\/td><td>tan\u00edt\u00f3<\/td><td>balint.rozalis@berdemozes.ro<\/td><\/tr><tr><td>B\u00e1n Eszter No\u00e9mi<\/td><td>biol\u00f3giatan\u00e1r<\/td><td>ban.eszter@berdemozes.ro<\/td><\/tr><tr><td>Bartha M\u00e1rta<\/td><td>tan\u00edt\u00f3 \u00e9s l\u00e9lektan\u00e1r<\/td><td>bartha.marta@berdemozes.ro<\/td><\/tr><tr><td>B\u00edr\u00f3 M\u00e1ria<\/td><td>tan\u00edt\u00f3<\/td><td>biro.maria@berdemozes.ro<\/td><\/tr><tr><td>B\u00f6l\u00f6ni L\u00e1szl\u00f3<\/td><td>tan\u00edt\u00f3<\/td><td>boloni.laszlo@berdemozes.ro<\/td><\/tr><tr><td>Bulz Rebeka<\/td><td>\u00f3v\u00f3pedag\u00f3gus<\/td><td>bulz.rebeka@berdemozes.ro<\/td><\/tr><tr><td>Csisz\u00e9r-Rajti Tibor S\u00e1ndor<\/td><td>informatikatan\u00e1r, rendszergazda<\/td><td>csiszer.tibor@berdemozes.ro<\/td><\/tr><tr><td>D\u00e1vid Hajnal<\/td><td>rajztan\u00e1r<\/td><td>david.hajnal@berdemozes.ro<\/td><\/tr><tr><td>Demeter Annabella<\/td><td>magyartan\u00e1r<\/td><td>demeter.annabella@berdemozes.ro<\/td><\/tr><tr><td>De\u00e1k M\u00e1rta M\u00f3nika<\/td><td>n\u00e9mettan\u00e1r<\/td><td>deak.monika@berdemozes.ro<\/td><\/tr><tr><td>Farkas Evelin-Andrea<\/td><td>matematikatan\u00e1r<\/td><td>farkas.evelin@berdemozes.ro<\/td><\/tr><tr><td>Fazakas Annam\u00e1ria<\/td><td>\u00f3v\u00f3pedag\u00f3gus<\/td><td>fazakas.annamaria@berdemozes.ro<\/td><\/tr><tr><td>F\u00fcl\u00f6p P\u00e1l \u00c9va<\/td><td>nevel\u00e9si tan\u00e1csad\u00f3<\/td><td>fuloppaleva@gmail.com<\/td><\/tr><tr><td>Gagyi Tam\u00e1s<\/td><td>testnevel\u0151 tan\u00e1r<\/td><td>gagyi.tamas@berdemozes.ro<\/td><\/tr><tr><td>Gy\u00f6rgyi Zsolt<\/td><td>reform\u00e1tus lelk\u00e9sz, hitoktat\u00f3<\/td><td>gyorgyi.zsolt@berdemozes.ro<\/td><\/tr><tr><td>Lad\u00f3 Orsolya J\u00falia<\/td><td>magyartan\u00e1r<\/td><td>lado.orsolya@berdemozes.ro<\/td><\/tr><tr><td>Major Ildik\u00f3 Katalin<\/td><td>\u00f3v\u00f3pedag\u00f3gus<\/td><td>major.katalin@berdemozes.ro<\/td><\/tr><tr><td>M\u00e1th\u00e9 Irma<\/td><td>\u00f3v\u00f3pedag\u00f3gus<\/td><td>mate.irma@berdemozes.ro<\/td><\/tr><tr><td>Nagy Emese T\u00edmea<\/td><td>angoltan\u00e1r<\/td><td>nagy.emese@berdemozes.ro<\/td><\/tr><tr><td>Nagy Levente<\/td><td>\u00f3v\u00f3pedag\u00f3gus<\/td><td>nagy.levente@berdemozes.ro<\/td><\/tr><tr><td>Nemes Annam\u00e1ria<\/td><td>zenetan\u00e1r<\/td><td>nemes.annamaria@berdemozes.ro<\/td><\/tr><tr><td>P\u00e1l Izabella<\/td><td>rom\u00e1ntan\u00e1r<\/td><td>pal.izabella@berdemozes.ro<\/td><\/tr><tr><td>P\u00e9ter Annabella<\/td><td>\u00f3v\u00f3pedag\u00f3gus<\/td><td>peter.annabella@berdemozes.ro<\/td><\/tr><tr><td>Rafai Dalma<\/td><td>k\u00e9miatan\u00e1r<\/td><td>rafai.dalma@berdemozes.ro<\/td><\/tr><tr><td>Szak\u00e1cs Emilia<\/td><td>f\u00f6ldrajztan\u00e1r<\/td><td>szak\u00e1cs.emilia@berdemozes.ro<\/td><\/tr><tr><td>Sz\u00e9kely-Tiboldi Anik\u00f3 Ida<\/td><td>magyartan\u00e1r<\/td><td>szekely.aniko@berdemozes.ro<\/td><\/tr><tr><td>Sz\u0151cs Annam\u00e1ria<\/td><td>t\u00f6rt\u00e9nelemtan\u00e1r<\/td><td>szocs.annamaria@berdemozes.ro<\/td><\/tr><tr><td>T\u00f3falvi Kinga Julianna<\/td><td>angoltan\u00e1r<\/td><td>tofalvi.kinga@berdemozes.ro<\/td><\/tr><tr><td>V\u00e1ri-Nagy Zs\u00f3fia<\/td><td>fizikatan\u00e1r<\/td><td>nagy.zsofia@berdemozes.ro<\/td><\/tr><tr><td>Vornicu M\u00f3nika<\/td><td>rom\u00e1ntan\u00e1r<\/td><td>vornicu.monica@berdemozes.ro<\/td><\/tr><tr><td>Zsid\u00f3 Csaba<\/td><td>matematikatan\u00e1r<\/td><td>zsido.csaba@berdemozes.ro<\/td><\/tr><\/tbody><\/table><\/figure>\n\n\n\n<p><\/p>\n\n\n\n<p><strong>Adminisztrat\u00edv<\/strong><\/p>\n\n\n\n<figure class=\"wp-block-image size-large\"><img decoding=\"async\" width=\"1024\" height=\"683\" src=\"http:\/\/berdemozes.ro\/wp-content\/uploads\/2024\/01\/alkalmazott_resize-1024x683.jpg\" alt=\"\" class=\"wp-image-4482\" srcset=\"https:\/\/berdemozes.ro\/wp-content\/uploads\/2024\/01\/alkalmazott_resize-1024x683.jpg 1024w, https:\/\/berdemozes.ro\/wp-content\/uploads\/2024\/01\/alkalmazott_resize-300x200.jpg 300w, https:\/\/berdemozes.ro\/wp-content\/uploads\/2024\/01\/alkalmazott_resize-768x512.jpg 768w, https:\/\/berdemozes.ro\/wp-content\/uploads\/2024\/01\/alkalmazott_resize-391x260.jpg 391w, https:\/\/berdemozes.ro\/wp-content\/uploads\/2024\/01\/alkalmazott_resize.jpg 1500w\" sizes=\"(max-width: 1024px) 100vw, 1024px\" \/><\/figure>\n\n\n\n<figure class=\"wp-block-table\"><table><tbody><tr><td><strong>N\u00e9v<\/strong><\/td><td><strong>Beoszt\u00e1s<\/strong><\/td><td><strong>El\u00e9rhet\u0151s\u00e9g<\/strong><\/td><\/tr><tr><td>Fazakas Katalin<\/td><td>f\u0151k\u00f6nyvel\u0151<\/td><td>fazakas.katalin@freemail.hu<\/td><\/tr><tr><td>Orb\u00e1n T\u00fcnde-Csilla<\/td><td>titk\u00e1rn\u0151<\/td><td>orban.tunde@berdemozes.ro<\/td><\/tr><tr><td>Palk\u00f3 Zal\u00e1n Kopp\u00e1ny<\/td><td>gondnok<\/td><td>palko.zalan@berdemozes.ro<\/td><\/tr><tr><td>M\u00e1t\u00e9ffy \u00c1gnes<\/td><td>\u00e9tkezde ir\u00e1ny\u00edt\u00f3, rakt\u00e1ros<\/td><td>varro_agi@yahoo.com<\/td><\/tr><tr><td>L\u0151rincz Hajnal<\/td><td>nevel\u0151<\/td><td>lorinczhajnal@yahoo.com<\/td><\/tr><tr><td>Farkas Kris\u00e1n J\u00e1nos <\/td><td>\u00e9jszakai fel\u00fcgyel\u0151<\/td><td>farkas-krisan.janos@berdemozes.ro<\/td><\/tr><\/tbody><\/table><\/figure>\n\n\n\n<p><strong>Kiseg\u00edt\u0151 szem\u00e9lyzet<\/strong><\/p>\n\n\n\n<figure class=\"wp-block-table\"><table><tbody><tr><td><strong>N\u00e9v<\/strong><\/td><\/tr><tr><td>Bertalan Emese &#8211; T\u00fcnde <br>Bertalan \u00c9va<\/td><\/tr><tr><td>B\u00f6l\u00f6ni Nagy Juli\u00e1nna<\/td><\/tr><tr><td>Gagyi Juli\u00e1nna<\/td><\/tr><tr><td>K\u00f6nt\u00e9s Attila<\/td><\/tr><tr><td>K\u00f6nt\u00e9s Piroska<br>Marosi Melinda<\/td><\/tr><tr><td>S\u00f3falvi Anna<\/td><\/tr><tr><td>Ambrus Jen\u0151<\/td><\/tr><tr><td>Szali Istv\u00e1n<\/td><\/tr><tr><td>Szali L\u00eddia<\/td><\/tr><tr><td>Nagy Annam\u00e1ria<\/td><\/tr><\/tbody><\/table><\/figure>\n","protected":false},"excerpt":{"rendered":"<p>Igazgat\u00f3s\u00e1g N\u00e9v Beoszt\u00e1s El\u00e9rhet\u0151s\u00e9g Dr. Lakatos S\u00e1ndor igazgat\u00f3, unit\u00e1rius lelk\u00e9sz-vall\u00e1stan\u00e1r lakatos.sandor@berdemozes.ro Czire Alp\u00e1r aligazgat\u00f3, testnevel\u0151 tan\u00e1r czire.alpar@berdemozes.ro Farkas Orsolya unit\u00e1rius lelk\u00e9sz-vall\u00e1stan\u00e1r farkas.orsolya@berdemozes.ro Tan\u00e1ri kar N\u00e9v Beoszt\u00e1s El\u00e9rhet\u0151s\u00e9g B\u00e1lint Roz\u00e1lia tan\u00edt\u00f3 &#8230;<\/p>\n","protected":false},"author":1,"featured_media":0,"parent":0,"menu_order":0,"comment_status":"closed","ping_status":"closed","template":"","meta":{"footnotes":""},"yoast_head":"<!-- This site is optimized with the Yoast SEO plugin v21.9.1 - https:\/\/yoast.com\/wordpress\/plugins\/seo\/ -->\n<title>Munkak\u00f6z\u00f6ss\u00e9g - Berde M\u00f3zes Unit\u00e1rius Gimn\u00e1zium<\/title>\n<meta name=\"robots\" content=\"noindex, follow, max-snippet:-1, max-image-preview:large, max-video-preview:-1\" \/>\n<meta property=\"og:locale\" content=\"hu_HU\" \/>\n<meta property=\"og:type\" content=\"article\" \/>\n<meta property=\"og:title\" content=\"Munkak\u00f6z\u00f6ss\u00e9g - Berde M\u00f3zes Unit\u00e1rius Gimn\u00e1zium\" \/>\n<meta property=\"og:description\" content=\"Igazgat\u00f3s\u00e1g N\u00e9v Beoszt\u00e1s El\u00e9rhet\u0151s\u00e9g Dr. Lakatos S\u00e1ndor igazgat\u00f3, unit\u00e1rius lelk\u00e9sz-vall\u00e1stan\u00e1r lakatos.sandor@berdemozes.ro Czire Alp\u00e1r aligazgat\u00f3, testnevel\u0151 tan\u00e1r czire.alpar@berdemozes.ro Farkas Orsolya unit\u00e1rius lelk\u00e9sz-vall\u00e1stan\u00e1r farkas.orsolya@berdemozes.ro Tan\u00e1ri kar N\u00e9v Beoszt\u00e1s El\u00e9rhet\u0151s\u00e9g B\u00e1lint Roz\u00e1lia tan\u00edt\u00f3 ...\" \/>\n<meta property=\"og:url\" content=\"https:\/\/berdemozes.ro\/index.php\/munkakozosseg\/\" \/>\n<meta property=\"og:site_name\" content=\"Berde M\u00f3zes Unit\u00e1rius Gimn\u00e1zium\" \/>\n<meta property=\"article:publisher\" content=\"https:\/\/www.facebook.com\/bmugim\" \/>\n<meta property=\"article:modified_time\" content=\"2024-12-12T18:49:18+00:00\" \/>\n<meta property=\"og:image\" content=\"http:\/\/berdemozes.ro\/wp-content\/uploads\/2024\/01\/tanari_resize-1024x683.jpg\" \/>\n<meta name=\"twitter:card\" content=\"summary_large_image\" \/>\n<meta name=\"twitter:label1\" content=\"Becs\u00fclt olvas\u00e1si id\u0151\" \/>\n\t<meta name=\"twitter:data1\" content=\"2 perc\" \/>\n<script type=\"application\/ld+json\" class=\"yoast-schema-graph\">{\"@context\":\"https:\/\/schema.org\",\"@graph\":[{\"@type\":\"WebPage\",\"@id\":\"https:\/\/berdemozes.ro\/index.php\/munkakozosseg\/\",\"url\":\"https:\/\/berdemozes.ro\/index.php\/munkakozosseg\/\",\"name\":\"Munkak\u00f6z\u00f6ss\u00e9g - Berde M\u00f3zes Unit\u00e1rius Gimn\u00e1zium\",\"isPartOf\":{\"@id\":\"https:\/\/berdemozes.ro\/#website\"},\"datePublished\":\"2020-11-10T14:56:52+00:00\",\"dateModified\":\"2024-12-12T18:49:18+00:00\",\"breadcrumb\":{\"@id\":\"https:\/\/berdemozes.ro\/index.php\/munkakozosseg\/#breadcrumb\"},\"inLanguage\":\"hu\",\"potentialAction\":[{\"@type\":\"ReadAction\",\"target\":[\"https:\/\/berdemozes.ro\/index.php\/munkakozosseg\/\"]}]},{\"@type\":\"BreadcrumbList\",\"@id\":\"https:\/\/berdemozes.ro\/index.php\/munkakozosseg\/#breadcrumb\",\"itemListElement\":[{\"@type\":\"ListItem\",\"position\":1,\"name\":\"Home\",\"item\":\"https:\/\/berdemozes.ro\/\"},{\"@type\":\"ListItem\",\"position\":2,\"name\":\"Munkak\u00f6z\u00f6ss\u00e9g\"}]},{\"@type\":\"WebSite\",\"@id\":\"https:\/\/berdemozes.ro\/#website\",\"url\":\"https:\/\/berdemozes.ro\/\",\"name\":\"Berde M\u00f3zes Unit\u00e1rius Gimn\u00e1zium\",\"description\":\"A sz\u00e9kelykereszt\u00fari Berde M\u00f3zes Unit\u00e1rius Gimn\u00e1zium weboldala.\",\"publisher\":{\"@id\":\"https:\/\/berdemozes.ro\/#organization\"},\"potentialAction\":[{\"@type\":\"SearchAction\",\"target\":{\"@type\":\"EntryPoint\",\"urlTemplate\":\"https:\/\/berdemozes.ro\/?s={search_term_string}\"},\"query-input\":\"required name=search_term_string\"}],\"inLanguage\":\"hu\"},{\"@type\":\"Organization\",\"@id\":\"https:\/\/berdemozes.ro\/#organization\",\"name\":\"Berde M\u00f3zes Unit\u00e1rius Gimn\u00e1zium\",\"url\":\"https:\/\/berdemozes.ro\/\",\"logo\":{\"@type\":\"ImageObject\",\"inLanguage\":\"hu\",\"@id\":\"https:\/\/berdemozes.ro\/#\/schema\/logo\/image\/\",\"url\":\"https:\/\/berdemozes.ro\/wp-content\/uploads\/2020\/11\/cropped-HEADER-LOGO-2-1.png\",\"contentUrl\":\"https:\/\/berdemozes.ro\/wp-content\/uploads\/2020\/11\/cropped-HEADER-LOGO-2-1.png\",\"width\":213,\"height\":48,\"caption\":\"Berde M\u00f3zes Unit\u00e1rius Gimn\u00e1zium\"},\"image\":{\"@id\":\"https:\/\/berdemozes.ro\/#\/schema\/logo\/image\/\"},\"sameAs\":[\"https:\/\/www.facebook.com\/bmugim\"]}]}<\/script>\n<!-- \/ Yoast SEO plugin. -->","yoast_head_json":{"title":"Munkak\u00f6z\u00f6ss\u00e9g - Berde M\u00f3zes Unit\u00e1rius Gimn\u00e1zium","robots":{"index":"noindex","follow":"follow","max-snippet":"max-snippet:-1","max-image-preview":"max-image-preview:large","max-video-preview":"max-video-preview:-1"},"og_locale":"hu_HU","og_type":"article","og_title":"Munkak\u00f6z\u00f6ss\u00e9g - Berde M\u00f3zes Unit\u00e1rius Gimn\u00e1zium","og_description":"Igazgat\u00f3s\u00e1g N\u00e9v Beoszt\u00e1s El\u00e9rhet\u0151s\u00e9g Dr. Lakatos S\u00e1ndor igazgat\u00f3, unit\u00e1rius lelk\u00e9sz-vall\u00e1stan\u00e1r lakatos.sandor@berdemozes.ro Czire Alp\u00e1r aligazgat\u00f3, testnevel\u0151 tan\u00e1r czire.alpar@berdemozes.ro Farkas Orsolya unit\u00e1rius lelk\u00e9sz-vall\u00e1stan\u00e1r farkas.orsolya@berdemozes.ro Tan\u00e1ri kar N\u00e9v Beoszt\u00e1s El\u00e9rhet\u0151s\u00e9g B\u00e1lint Roz\u00e1lia tan\u00edt\u00f3 ...","og_url":"https:\/\/berdemozes.ro\/index.php\/munkakozosseg\/","og_site_name":"Berde M\u00f3zes Unit\u00e1rius Gimn\u00e1zium","article_publisher":"https:\/\/www.facebook.com\/bmugim","article_modified_time":"2024-12-12T18:49:18+00:00","og_image":[{"url":"http:\/\/berdemozes.ro\/wp-content\/uploads\/2024\/01\/tanari_resize-1024x683.jpg"}],"twitter_card":"summary_large_image","twitter_misc":{"Becs\u00fclt olvas\u00e1si id\u0151":"2 perc"},"schema":{"@context":"https:\/\/schema.org","@graph":[{"@type":"WebPage","@id":"https:\/\/berdemozes.ro\/index.php\/munkakozosseg\/","url":"https:\/\/berdemozes.ro\/index.php\/munkakozosseg\/","name":"Munkak\u00f6z\u00f6ss\u00e9g - Berde M\u00f3zes Unit\u00e1rius Gimn\u00e1zium","isPartOf":{"@id":"https:\/\/berdemozes.ro\/#website"},"datePublished":"2020-11-10T14:56:52+00:00","dateModified":"2024-12-12T18:49:18+00:00","breadcrumb":{"@id":"https:\/\/berdemozes.ro\/index.php\/munkakozosseg\/#breadcrumb"},"inLanguage":"hu","potentialAction":[{"@type":"ReadAction","target":["https:\/\/berdemozes.ro\/index.php\/munkakozosseg\/"]}]},{"@type":"BreadcrumbList","@id":"https:\/\/berdemozes.ro\/index.php\/munkakozosseg\/#breadcrumb","itemListElement":[{"@type":"ListItem","position":1,"name":"Home","item":"https:\/\/berdemozes.ro\/"},{"@type":"ListItem","position":2,"name":"Munkak\u00f6z\u00f6ss\u00e9g"}]},{"@type":"WebSite","@id":"https:\/\/berdemozes.ro\/#website","url":"https:\/\/berdemozes.ro\/","name":"Berde M\u00f3zes Unit\u00e1rius Gimn\u00e1zium","description":"A sz\u00e9kelykereszt\u00fari Berde M\u00f3zes Unit\u00e1rius Gimn\u00e1zium weboldala.","publisher":{"@id":"https:\/\/berdemozes.ro\/#organization"},"potentialAction":[{"@type":"SearchAction","target":{"@type":"EntryPoint","urlTemplate":"https:\/\/berdemozes.ro\/?s={search_term_string}"},"query-input":"required name=search_term_string"}],"inLanguage":"hu"},{"@type":"Organization","@id":"https:\/\/berdemozes.ro\/#organization","name":"Berde M\u00f3zes Unit\u00e1rius Gimn\u00e1zium","url":"https:\/\/berdemozes.ro\/","logo":{"@type":"ImageObject","inLanguage":"hu","@id":"https:\/\/berdemozes.ro\/#\/schema\/logo\/image\/","url":"https:\/\/berdemozes.ro\/wp-content\/uploads\/2020\/11\/cropped-HEADER-LOGO-2-1.png","contentUrl":"https:\/\/berdemozes.ro\/wp-content\/uploads\/2020\/11\/cropped-HEADER-LOGO-2-1.png","width":213,"height":48,"caption":"Berde M\u00f3zes Unit\u00e1rius Gimn\u00e1zium"},"image":{"@id":"https:\/\/berdemozes.ro\/#\/schema\/logo\/image\/"},"sameAs":["https:\/\/www.facebook.com\/bmugim"]}]}},"jetpack_sharing_enabled":true,"_links":{"self":[{"href":"https:\/\/berdemozes.ro\/index.php\/wp-json\/wp\/v2\/pages\/112"}],"collection":[{"href":"https:\/\/berdemozes.ro\/index.php\/wp-json\/wp\/v2\/pages"}],"about":[{"href":"https:\/\/berdemozes.ro\/index.php\/wp-json\/wp\/v2\/types\/page"}],"author":[{"embeddable":true,"href":"https:\/\/berdemozes.ro\/index.php\/wp-json\/wp\/v2\/users\/1"}],"replies":[{"embeddable":true,"href":"https:\/\/berdemozes.ro\/index.php\/wp-json\/wp\/v2\/comments?post=112"}],"version-history":[{"count":26,"href":"https:\/\/berdemozes.ro\/index.php\/wp-json\/wp\/v2\/pages\/112\/revisions"}],"predecessor-version":[{"id":6130,"href":"https:\/\/berdemozes.ro\/index.php\/wp-json\/wp\/v2\/pages\/112\/revisions\/6130"}],"wp:attachment":[{"href":"https:\/\/berdemozes.ro\/index.php\/wp-json\/wp\/v2\/media?parent=112"}],"curies":[{"name":"wp","href":"https:\/\/api.w.org\/{rel}","templated":true}]}}