{"id":120,"date":"2020-11-10T14:56:52","date_gmt":"2020-11-10T14:56:52","guid":{"rendered":"https:\/\/berdemozes.ro\/?page_id=120"},"modified":"2025-01-12T20:16:08","modified_gmt":"2025-01-12T20:16:08","slug":"tanari-fogadoora","status":"publish","type":"page","link":"https:\/\/berdemozes.ro\/index.php\/tanari-fogadoora\/","title":{"rendered":"Tan\u00e1ri fogad\u00f3\u00f3ra 2024\u20132025"},"content":{"rendered":"\n<p>Tisztelt sz\u00fcl\u0151, kedves di\u00e1kunk! Az al\u00e1bbiakban megtal\u00e1lja a gimn\u00e1zium pedag\u00f3gusai \u00e1ltal v\u00e1llalt fogad\u00f3\u00f3r\u00e1k id\u0151pontj\u00e1t. Az al\u00e1bbi t\u00e1bl\u00e1zatban megjel\u00f6lt email c\u00edmen szem\u00e9lyes meghallgat\u00e1sra lehet jelentkezni. A pedag\u00f3gusok a megjel\u00f6lt napon \u00e9s a megjel\u00f6lt \u00f3r\u00e1ban el\u0151zetes megbesz\u00e9l\u00e9s szerint fogadj\u00e1k a sz\u00fcl\u0151ket \u00e9s di\u00e1kokat egyar\u00e1nt az iskola\u00fcgyekkel kapcsolatos k\u00e9rd\u00e9sek megbesz\u00e9l\u00e9s\u00e9re.  <\/p>\n\n\n\n<figure class=\"wp-block-table is-style-stripes\"><table><tbody><tr><td><\/td><td><strong>Pedag\u00f3gus neve<\/strong><\/td><td><strong>Nap<\/strong><\/td><td><strong>Id\u0151pnt<\/strong><\/td><\/tr><tr><td>1<\/td><td>B\u00e1lint R\u00f3z\u00e1lia<\/td><td>Miercuri<\/td><td>10-11<\/td><td>balint.rozalia@berdemozes.ro<\/td><\/tr><tr><td>2<\/td><td>B\u00e1n Eszter No\u00e9mi<\/td><td>Joi<\/td><td>12-13<\/td><td>ban.eszter@berdemozes.ro<\/td><\/tr><tr><td>3<\/td><td>Bulz Rebeka<\/td><td>Miercuri<\/td><td>17-18<\/td><td>bulz.rebeka@berdemozes.ro<\/td><\/tr><tr><td>4<\/td><td>Bartha M\u00e1rta<\/td><td>Miercuri<\/td><td>9-10<\/td><td>bartha.marta@berdemozes.ro<\/td><\/tr><tr><td>5<\/td><td>B\u00f6l\u00f6ni L\u00e1szl\u00f3<\/td><td>Joi<\/td><td>8-9<\/td><td>boloni.laszlo@berdemozes.ro<\/td><\/tr><tr><td>6<\/td><td>B\u00edr\u00f3 M\u00e1ria<\/td><td>Miercuri<\/td><td>10-11<\/td><td>biro.maria@berdemozes.ro<\/td><\/tr><tr><td>7<\/td><td>Czire Alp\u00e1r<\/td><td>Mar\u021bi<\/td><td>10-11<\/td><td>czire.alpar@berdemozes.ro<\/td><\/tr><tr><td>8<\/td><td>Csisz\u00e9r-Rajti Tibor-S\u00e1ndor<\/td><td>Luni<\/td><td>12-13<\/td><td>csiszer.tibor@berdemozes.ro<\/td><\/tr><tr><td>9<\/td><td>D\u00e1vid Hajnal<\/td><td>Joi<\/td><td>12-13<\/td><td>david.hajnal@berdemozes.ro<\/td><\/tr><tr><td>10<\/td><td>Demeter Annabella<\/td><td>Miercuri<\/td><td>11-12<\/td><td>demeter.annabella@berdemozes.ro<\/td><\/tr><tr><td>11<\/td><td>Farkas Evelin-Andrea<\/td><td>Vineri<\/td><td>9-10<\/td><td>farkas.evelin@berdemozes.ro<\/td><\/tr><tr><td>12<\/td><td>Farkas \u00c1gnes<\/td><td>Luni<\/td><td>13-14<\/td><td>farkas.agnes@berdemozes.ro<\/td><\/tr><tr><td>13<\/td><td>Farkas-Kris\u00e1n J\u00e1nos<\/td><td><\/td><td><\/td><td>farkas-krisan.janos@berdemozes.ro<\/td><\/tr><tr><td>14<\/td><td>Farkas Orsolya<\/td><td>Vineri<\/td><td>10-11<\/td><td>farkas.orsolya@berdemozes.ro<\/td><\/tr><tr><td>15<\/td><td>Fazakas Annam\u00e1ria<\/td><td>Miercuri<\/td><td>17-18<\/td><td>fazakas.annamaria@berdemozes.ro<\/td><\/tr><tr><td>16<\/td><td>F\u00fcl\u00f6p P\u00e1l \u00c9va<\/td><td><\/td><td><\/td><td>fuloppaleva@gmail.com<\/td><\/tr><tr><td>17<\/td><td>Gagyi Tam\u00e1s<\/td><td>Vineri<\/td><td>14-15<\/td><td>gagyi.tamas@berdemozes.ro<\/td><\/tr><tr><td>18<\/td><td>Lad\u00f3 Orsolya J\u00falia<\/td><td>Joi<\/td><td>10-11<\/td><td>lado.orsolya@berdemozes.ro<\/td><\/tr><tr><td>19<\/td><td>L\u0151rincz Hajnal<\/td><td><\/td><td><\/td><td>lorinczhajnal@yahoo.com<\/td><\/tr><tr><td>20<\/td><td>Major Ildik\u00f3 Katalin<\/td><td>Miercuri<\/td><td>17-18<\/td><td>major.katalin@berdemozes.ro<\/td><\/tr><tr><td>21<\/td><td>M\u00e1th\u00e9 Irma<\/td><td>Luni<\/td><td>17-18<\/td><td>mate.irma@berdemozes.ro<\/td><\/tr><tr><td>22<\/td><td>Nagy Emese T\u00edmea<\/td><td>Luni<\/td><td>13-14<\/td><td>nagy.emese@berdemozes.ro<\/td><\/tr><tr><td>23<\/td><td>Nagy Levente<\/td><td>Miercuri<\/td><td>17-18<\/td><td>nagy.levente@berdemozes.ro<\/td><\/tr><tr><td>24<\/td><td>Nemes Annam\u00e1ria<\/td><td>Miercuri<\/td><td>10-11<\/td><td>nemes.annamaria@berdemozes.ro<\/td><\/tr><tr><td>25<\/td><td>P\u00e1l Izabella<\/td><td>Miercuri<\/td><td>13-14<\/td><td>pal.izabella@berdemozes.ro<\/td><\/tr><tr><td>26<\/td><td>Pap Katalin<\/td><td>Miercuri<\/td><td>9-10<\/td><td>pap.katalin@berdemozes.ro<\/td><\/tr><tr><td>27<\/td><td>P\u00e9ter Annabella<\/td><td>Luni<\/td><td>17-18<\/td><td>peter.annabella@berdemozes.ro<\/td><\/tr><tr><td>28<\/td><td>Rafai Dalma<\/td><td>Luni<\/td><td>10-11<\/td><td>rafai.dalma@berdemozes.ro<\/td><\/tr><tr><td>29<\/td><td>Szak\u00e1cs Emilia<\/td><td>Miercuri<\/td><td>10-11<\/td><td>szakacs.emilia@berdemozes.ro<\/td><\/tr><tr><td>30<\/td><td>Sz\u00e9kely-Tiboldi Anik\u00f3-Ida<\/td><td>Mar\u021bi<\/td><td>11-12<\/td><td>szekely.aniko@berdemozes.ro<\/td><\/tr><tr><td>31<\/td><td>Sz\u0151cs Annam\u00e1ria<\/td><td>Vineri<\/td><td>11-12<\/td><td>szocs.annamaria@berdemozes.ro<\/td><\/tr><tr><td>32<\/td><td>T\u00f3falvi Kinga Julianna<\/td><td>Mar\u021bi<\/td><td>12-13<\/td><td>tofalvi.kinga@berdemozes.ro<\/td><\/tr><tr><td>33<\/td><td>V\u00e1ri-Nagy Zs\u00f3fia<\/td><td>Marti<\/td><td>12-14<\/td><td>nagy.zsofia@berdemozes.ro<\/td><\/tr><tr><td>34<\/td><td>Vornicu Monica<\/td><td>Luni<\/td><td>12 &#8211; 13<\/td><td>vornicu.monica@berdemozes.ro<\/td><\/tr><tr><td>35<\/td><td>Zsid\u00f3 Csaba<\/td><td>Luni ,Vineri<\/td><td>9-10, 10-11<\/td><td>zsido.csaba@berdemozes.ro<\/td><\/tr><\/tbody><\/table><\/figure>\n","protected":false},"excerpt":{"rendered":"<p>Tisztelt sz\u00fcl\u0151, kedves di\u00e1kunk! Az al\u00e1bbiakban megtal\u00e1lja a gimn\u00e1zium pedag\u00f3gusai \u00e1ltal v\u00e1llalt fogad\u00f3\u00f3r\u00e1k id\u0151pontj\u00e1t. Az al\u00e1bbi t\u00e1bl\u00e1zatban megjel\u00f6lt email c\u00edmen szem\u00e9lyes meghallgat\u00e1sra lehet jelentkezni. A pedag\u00f3gusok a megjel\u00f6lt napon \u00e9s &#8230;<\/p>\n","protected":false},"author":1,"featured_media":0,"parent":0,"menu_order":0,"comment_status":"closed","ping_status":"closed","template":"","meta":{"footnotes":""},"yoast_head":"<!-- This site is optimized with the Yoast SEO plugin v21.9.1 - https:\/\/yoast.com\/wordpress\/plugins\/seo\/ -->\n<title>Tan\u00e1ri fogad\u00f3\u00f3ra 2024\u20132025 - Berde M\u00f3zes Unit\u00e1rius Gimn\u00e1zium<\/title>\n<meta name=\"robots\" content=\"noindex, follow, max-snippet:-1, max-image-preview:large, max-video-preview:-1\" \/>\n<meta property=\"og:locale\" content=\"hu_HU\" \/>\n<meta property=\"og:type\" content=\"article\" \/>\n<meta property=\"og:title\" content=\"Tan\u00e1ri fogad\u00f3\u00f3ra 2024\u20132025 - Berde M\u00f3zes Unit\u00e1rius Gimn\u00e1zium\" \/>\n<meta property=\"og:description\" content=\"Tisztelt sz\u00fcl\u0151, kedves di\u00e1kunk! Az al\u00e1bbiakban megtal\u00e1lja a gimn\u00e1zium pedag\u00f3gusai \u00e1ltal v\u00e1llalt fogad\u00f3\u00f3r\u00e1k id\u0151pontj\u00e1t. Az al\u00e1bbi t\u00e1bl\u00e1zatban megjel\u00f6lt email c\u00edmen szem\u00e9lyes meghallgat\u00e1sra lehet jelentkezni. A pedag\u00f3gusok a megjel\u00f6lt napon \u00e9s ...\" \/>\n<meta property=\"og:url\" content=\"https:\/\/berdemozes.ro\/index.php\/tanari-fogadoora\/\" \/>\n<meta property=\"og:site_name\" content=\"Berde M\u00f3zes Unit\u00e1rius Gimn\u00e1zium\" \/>\n<meta property=\"article:publisher\" content=\"https:\/\/www.facebook.com\/bmugim\" \/>\n<meta property=\"article:modified_time\" content=\"2025-01-12T20:16:08+00:00\" \/>\n<meta name=\"twitter:card\" content=\"summary_large_image\" \/>\n<meta name=\"twitter:label1\" content=\"Becs\u00fclt olvas\u00e1si id\u0151\" \/>\n\t<meta name=\"twitter:data1\" content=\"2 perc\" \/>\n<script type=\"application\/ld+json\" class=\"yoast-schema-graph\">{\"@context\":\"https:\/\/schema.org\",\"@graph\":[{\"@type\":\"WebPage\",\"@id\":\"https:\/\/berdemozes.ro\/index.php\/tanari-fogadoora\/\",\"url\":\"https:\/\/berdemozes.ro\/index.php\/tanari-fogadoora\/\",\"name\":\"Tan\u00e1ri fogad\u00f3\u00f3ra 2024\u20132025 - Berde M\u00f3zes Unit\u00e1rius Gimn\u00e1zium\",\"isPartOf\":{\"@id\":\"https:\/\/berdemozes.ro\/#website\"},\"datePublished\":\"2020-11-10T14:56:52+00:00\",\"dateModified\":\"2025-01-12T20:16:08+00:00\",\"breadcrumb\":{\"@id\":\"https:\/\/berdemozes.ro\/index.php\/tanari-fogadoora\/#breadcrumb\"},\"inLanguage\":\"hu\",\"potentialAction\":[{\"@type\":\"ReadAction\",\"target\":[\"https:\/\/berdemozes.ro\/index.php\/tanari-fogadoora\/\"]}]},{\"@type\":\"BreadcrumbList\",\"@id\":\"https:\/\/berdemozes.ro\/index.php\/tanari-fogadoora\/#breadcrumb\",\"itemListElement\":[{\"@type\":\"ListItem\",\"position\":1,\"name\":\"Home\",\"item\":\"https:\/\/berdemozes.ro\/\"},{\"@type\":\"ListItem\",\"position\":2,\"name\":\"Tan\u00e1ri fogad\u00f3\u00f3ra 2024\u20132025\"}]},{\"@type\":\"WebSite\",\"@id\":\"https:\/\/berdemozes.ro\/#website\",\"url\":\"https:\/\/berdemozes.ro\/\",\"name\":\"Berde M\u00f3zes Unit\u00e1rius Gimn\u00e1zium\",\"description\":\"A sz\u00e9kelykereszt\u00fari Berde M\u00f3zes Unit\u00e1rius Gimn\u00e1zium weboldala.\",\"publisher\":{\"@id\":\"https:\/\/berdemozes.ro\/#organization\"},\"potentialAction\":[{\"@type\":\"SearchAction\",\"target\":{\"@type\":\"EntryPoint\",\"urlTemplate\":\"https:\/\/berdemozes.ro\/?s={search_term_string}\"},\"query-input\":\"required name=search_term_string\"}],\"inLanguage\":\"hu\"},{\"@type\":\"Organization\",\"@id\":\"https:\/\/berdemozes.ro\/#organization\",\"name\":\"Berde M\u00f3zes Unit\u00e1rius Gimn\u00e1zium\",\"url\":\"https:\/\/berdemozes.ro\/\",\"logo\":{\"@type\":\"ImageObject\",\"inLanguage\":\"hu\",\"@id\":\"https:\/\/berdemozes.ro\/#\/schema\/logo\/image\/\",\"url\":\"https:\/\/berdemozes.ro\/wp-content\/uploads\/2020\/11\/cropped-HEADER-LOGO-2-1.png\",\"contentUrl\":\"https:\/\/berdemozes.ro\/wp-content\/uploads\/2020\/11\/cropped-HEADER-LOGO-2-1.png\",\"width\":213,\"height\":48,\"caption\":\"Berde M\u00f3zes Unit\u00e1rius Gimn\u00e1zium\"},\"image\":{\"@id\":\"https:\/\/berdemozes.ro\/#\/schema\/logo\/image\/\"},\"sameAs\":[\"https:\/\/www.facebook.com\/bmugim\"]}]}<\/script>\n<!-- \/ Yoast SEO plugin. -->","yoast_head_json":{"title":"Tan\u00e1ri fogad\u00f3\u00f3ra 2024\u20132025 - Berde M\u00f3zes Unit\u00e1rius Gimn\u00e1zium","robots":{"index":"noindex","follow":"follow","max-snippet":"max-snippet:-1","max-image-preview":"max-image-preview:large","max-video-preview":"max-video-preview:-1"},"og_locale":"hu_HU","og_type":"article","og_title":"Tan\u00e1ri fogad\u00f3\u00f3ra 2024\u20132025 - Berde M\u00f3zes Unit\u00e1rius Gimn\u00e1zium","og_description":"Tisztelt sz\u00fcl\u0151, kedves di\u00e1kunk! Az al\u00e1bbiakban megtal\u00e1lja a gimn\u00e1zium pedag\u00f3gusai \u00e1ltal v\u00e1llalt fogad\u00f3\u00f3r\u00e1k id\u0151pontj\u00e1t. Az al\u00e1bbi t\u00e1bl\u00e1zatban megjel\u00f6lt email c\u00edmen szem\u00e9lyes meghallgat\u00e1sra lehet jelentkezni. A pedag\u00f3gusok a megjel\u00f6lt napon \u00e9s ...","og_url":"https:\/\/berdemozes.ro\/index.php\/tanari-fogadoora\/","og_site_name":"Berde M\u00f3zes Unit\u00e1rius Gimn\u00e1zium","article_publisher":"https:\/\/www.facebook.com\/bmugim","article_modified_time":"2025-01-12T20:16:08+00:00","twitter_card":"summary_large_image","twitter_misc":{"Becs\u00fclt olvas\u00e1si id\u0151":"2 perc"},"schema":{"@context":"https:\/\/schema.org","@graph":[{"@type":"WebPage","@id":"https:\/\/berdemozes.ro\/index.php\/tanari-fogadoora\/","url":"https:\/\/berdemozes.ro\/index.php\/tanari-fogadoora\/","name":"Tan\u00e1ri fogad\u00f3\u00f3ra 2024\u20132025 - Berde M\u00f3zes Unit\u00e1rius Gimn\u00e1zium","isPartOf":{"@id":"https:\/\/berdemozes.ro\/#website"},"datePublished":"2020-11-10T14:56:52+00:00","dateModified":"2025-01-12T20:16:08+00:00","breadcrumb":{"@id":"https:\/\/berdemozes.ro\/index.php\/tanari-fogadoora\/#breadcrumb"},"inLanguage":"hu","potentialAction":[{"@type":"ReadAction","target":["https:\/\/berdemozes.ro\/index.php\/tanari-fogadoora\/"]}]},{"@type":"BreadcrumbList","@id":"https:\/\/berdemozes.ro\/index.php\/tanari-fogadoora\/#breadcrumb","itemListElement":[{"@type":"ListItem","position":1,"name":"Home","item":"https:\/\/berdemozes.ro\/"},{"@type":"ListItem","position":2,"name":"Tan\u00e1ri fogad\u00f3\u00f3ra 2024\u20132025"}]},{"@type":"WebSite","@id":"https:\/\/berdemozes.ro\/#website","url":"https:\/\/berdemozes.ro\/","name":"Berde M\u00f3zes Unit\u00e1rius Gimn\u00e1zium","description":"A sz\u00e9kelykereszt\u00fari Berde M\u00f3zes Unit\u00e1rius Gimn\u00e1zium weboldala.","publisher":{"@id":"https:\/\/berdemozes.ro\/#organization"},"potentialAction":[{"@type":"SearchAction","target":{"@type":"EntryPoint","urlTemplate":"https:\/\/berdemozes.ro\/?s={search_term_string}"},"query-input":"required name=search_term_string"}],"inLanguage":"hu"},{"@type":"Organization","@id":"https:\/\/berdemozes.ro\/#organization","name":"Berde M\u00f3zes Unit\u00e1rius Gimn\u00e1zium","url":"https:\/\/berdemozes.ro\/","logo":{"@type":"ImageObject","inLanguage":"hu","@id":"https:\/\/berdemozes.ro\/#\/schema\/logo\/image\/","url":"https:\/\/berdemozes.ro\/wp-content\/uploads\/2020\/11\/cropped-HEADER-LOGO-2-1.png","contentUrl":"https:\/\/berdemozes.ro\/wp-content\/uploads\/2020\/11\/cropped-HEADER-LOGO-2-1.png","width":213,"height":48,"caption":"Berde M\u00f3zes Unit\u00e1rius Gimn\u00e1zium"},"image":{"@id":"https:\/\/berdemozes.ro\/#\/schema\/logo\/image\/"},"sameAs":["https:\/\/www.facebook.com\/bmugim"]}]}},"jetpack_sharing_enabled":true,"_links":{"self":[{"href":"https:\/\/berdemozes.ro\/index.php\/wp-json\/wp\/v2\/pages\/120"}],"collection":[{"href":"https:\/\/berdemozes.ro\/index.php\/wp-json\/wp\/v2\/pages"}],"about":[{"href":"https:\/\/berdemozes.ro\/index.php\/wp-json\/wp\/v2\/types\/page"}],"author":[{"embeddable":true,"href":"https:\/\/berdemozes.ro\/index.php\/wp-json\/wp\/v2\/users\/1"}],"replies":[{"embeddable":true,"href":"https:\/\/berdemozes.ro\/index.php\/wp-json\/wp\/v2\/comments?post=120"}],"version-history":[{"count":10,"href":"https:\/\/berdemozes.ro\/index.php\/wp-json\/wp\/v2\/pages\/120\/revisions"}],"predecessor-version":[{"id":6191,"href":"https:\/\/berdemozes.ro\/index.php\/wp-json\/wp\/v2\/pages\/120\/revisions\/6191"}],"wp:attachment":[{"href":"https:\/\/berdemozes.ro\/index.php\/wp-json\/wp\/v2\/media?parent=120"}],"curies":[{"name":"wp","href":"https:\/\/api.w.org\/{rel}","templated":true}]}}