{"id":137,"date":"2020-11-10T14:56:53","date_gmt":"2020-11-10T14:56:53","guid":{"rendered":"https:\/\/berdemozes.ro\/?page_id=137"},"modified":"2026-05-05T16:40:10","modified_gmt":"2026-05-05T16:40:10","slug":"liceum","status":"publish","type":"page","link":"https:\/\/berdemozes.ro\/index.php\/liceum\/","title":{"rendered":"Indul\u00f3 l\u00edceumi oszt\u00e1lyaink a 2026\u20132027-es tan\u00e9vre"},"content":{"rendered":"\n<p><strong>TUDNIVAL\u00d3K A 2026\/2027-ES TAN\u00c9VRE<\/strong><\/p>\n\n\n\n<p><\/p>\n\n\n\n<p>Tisztelt \u00e9rdekl\u0151d\u0151k! <\/p>\n\n\n\n<p>A Berde M\u00f3zes Unit\u00e1rius Gimn\u00e1zium <strong>Term\u00e9szettudom\u00e1nyok\/Re\u00e1l oszt\u00e1ly\u00e1ban<\/strong> id\u00e9n 26 hely \u00e1ll az \u00e9rdekl\u0151d\u0151 di\u00e1kok rendelkez\u00e9s\u00e9re. Az oszt\u00e1lyba val\u00f3 bejut\u00e1s proced\u00far\u00e1ja az szok\u00e1sos sz\u00e1m\u00edt\u00f3g\u00e9pes eloszt\u00e1si rendszer szerint t\u00f6rt\u00e9nik. A Re\u00e1l oszt\u00e1ly nevel\u0151je a 2026-2030-es \u00e9vfolyamon P\u00e1l Izabella rom\u00e1n szakos tan\u00e1r lesz. A term\u00e9szettudom\u00e1nyok oszt\u00e1lyba val\u00f3 beiratkoz\u00e1s a hagyom\u00e1nyos sz\u00e1m\u00edt\u00f3g\u00e9pes eloszt\u00e1si rendszer szerint t\u00f6rt\u00e9nik. Az eloszt\u00e1s eredm\u00e9nye els\u0151 k\u00f6rben <strong>2026. j\u00falius 20-22. k\u00f6z\u00f6tt ker\u00fcl sor. Az eloszt\u00e1s m\u00f3dszertan\u00e1nak megjelen\u00e9sekor a nyolcadikos di\u00e1kok pontos t\u00e1j\u00e9koztat\u00e1st kapnak a saj\u00e1t iskol\u00e1jukt\u00f3l. 2026. j\u00falius 22-\u00e9n ker\u00fcl kik\u00f6zl\u00e9sre az eloszt\u00e1s eredm\u00e9nye. 2026. j\u00falius 23-28. k\u00f6z\u00f6tt a bejutott di\u00e1kok beiratkoz\u00e1si iratcsom\u00f3jukat beadj\u00e1k az iskola titk\u00e1rs\u00e1g\u00e1n, munkanapokon 8-15 \u00f3ra k\u00f6z\u00f6tt.<\/strong><\/p>\n\n\n\n<p>A Berde M\u00f3zes Unit\u00e1rius Gimn\u00e1zium <strong>Hum\u00e1n\/Teol\u00f3gia oszt\u00e1ly\u00e1ban<\/strong> id\u00e9n 24 hely \u00e1ll az \u00e9rdekl\u0151d\u0151 di\u00e1kok rendelkez\u00e9s\u00e9re. A Hum\u00e1n oszt\u00e1ly nevel\u0151je a 2026-2030-as \u00e9vfolyamon Gagyi Tam\u00e1s testnevel\u00e9s szakos tan\u00e1r lesz. Az oszt\u00e1lyba val\u00f3 bejut\u00e1s proced\u00far\u00e1ja az al\u00e1bbiak szerint t\u00f6rt\u00e9nik.<\/p>\n\n\n\n<p class=\"has-light-green-cyan-background-color has-background\">A Berde M\u00f3zes unit\u00e1rius Gimn\u00e1zium <strong><u>felv\u00e9telit<\/u><\/strong> hirdet a Teol\u00f3gia\/Hum\u00e1n oszt\u00e1lyba val\u00f3 bejut\u00e1sra. <strong>A felv\u00e9teli vizsga egy interj\u00fab\u00f3l \u00e1ll<\/strong>, amire <strong>2026. m\u00e1jus 20-\u00e1n<\/strong> ker\u00fcl sor 13 \u00f3r\u00e1t\u00f3l a Gimn\u00e1zium 7-es sz\u00e1m\u00fa tanterm\u00e9ben. Az interj\u00fara a jelentkez\u0151 di\u00e1k egy r\u00f6vid bemutatkoz\u00e1ssal, motiv\u00e1ci\u00f3s indokl\u00e1ssal k\u00e9sz\u00fcl. Az interj\u00fat a vizsgabizotts\u00e1g (admis\/respins) egyszer\u0171 min\u0151s\u00edt\u00e9ssel \u00e9rt\u00e9keli. A hum\u00e1n\/teol\u00f3gia oszt\u00e1lyba val\u00f3 bejut\u00e1si jegy a nyolcadikos z\u00e1r\u00f3vizsgajegyb\u0151l, az V-VIII. oszt\u00e1lyos tanulm\u00e1nyi eredm\u00e9nyekb\u0151l \u00e9s az V-VII. oszt\u00e1lyos vall\u00e1s tant\u00e1rgy \u00e1ltal\u00e1nos\u00e1b\u00f3l sz\u00e1molt \u00e1tlag alapj\u00e1n v\u00e9gleges\u00fcl. Az eredm\u00e9nyeket  els\u0151 k\u00f6rben m\u00e1jus 25-\u00e9n, majd a fellebbez\u00e9si proced\u00far\u00e1t k\u00f6vet\u0151en m\u00e1jus 29-\u00e9n tudunk k\u00f6z\u00f6lni. A&nbsp;kompetencia vizsg\u00e1ra val\u00f3 beratkoz\u00e1shoz a <strong>beny\u00fajtand\u00f3 iratcsom\u00f3t m\u00e1jus 13-15 k\u00f6z\u00f6tti napokon kell behozni az iskola titk\u00e1rs\u00e1g\u00e1ra munkanapokon 8-15 \u00f3ra k\u00f6z\u00f6tt \u00e9s<\/strong>&nbsp;tartalmaznia kell:<\/p>\n\n\n\n<p>&#8211; a sz\u00e1rmaz\u00e1si iskola \u00e1ltal ki\u00e1ll\u00edtott szem\u00e9lyi lapot (anexa la fi\u0219a de \u00eenscriere)  2026. m\u00e1jus 11-12-\u00e9n \u00e1ll\u00edtja ki a sz\u00e1rmaz\u00e1si iskola titk\u00e1rs\u00e1ga.<\/p>\n\n\n\n<p>&#8211; sz\u00fclet\u00e9si bizony\u00edtv\u00e1ny m\u00e1solata, vagy szem\u00e9lyi igazolv\u00e1ny m\u00e1solata.<\/p>\n\n\n\n<p>&#8211; a kit\u00f6lt\u00f6tt ellen\u0151rz\u0151k\u00f6nyv\u00e9t, vagy egy igazol\u00e1st, amib\u0151l kit\u0171nnek az V-VII. oszt\u00e1lyok sor\u00e1n szerzett vall\u00e1s\u00f3rai lez\u00e1r\u00e1si jegyek, az V-VII. oszt\u00e1lyos magaviseleti jegyek, illetve az V-VIII. oszt\u00e1lyok sor\u00e1n tanult idegen nyelv(ek) (pl. angol, n\u00e9met, francia)<\/p>\n\n\n\n<p>&#8211; igazol\u00e1s az EvNat-on el\u00e9rt eredm\u00e9nyekr\u0151l (az EvNat v\u00e9gleges eredm\u00e9nyek k\u00f6zl\u00e9se ut\u00e1n kell behozni a titk\u00e1rs\u00e1gra)<\/p>\n\n\n\n<p><\/p>\n\n\n\n<p>Tov\u00e1bbi inform\u00e1ci\u00f3kat, t\u00e1j\u00e9koztat\u00e1st, \u00fatbaigaz\u00edt\u00e1st az al\u00e1bbi el\u00e9rhet\u0151s\u00e9geken lehet k\u00e9rni: <\/p>\n\n\n\n<p>0266-244 249 \u2013 az iskola titk\u00e1rs\u00e1ga<\/p>\n\n\n\n<p>0741093476 \/ 0744829860 \u2013 Dr. Lakatos S\u00e1ndor igazgat\u00f3, lelk\u00e9sz-vall\u00e1stan\u00e1r<\/p>\n\n\n\n<p>0746274582 \u2013 Czire Alp\u00e1r, aligazgat\u00f3<\/p>\n\n\n\n<p>+40 741 115 971 &#8211; P\u00e1l Izabella a term\u00e9szettudom\u00e1nyok oszt\u00e1ly oszt\u00e1lynevel\u0151je<\/p>\n\n\n\n<p>+40743 410 153 &#8211; Gagyi Tam\u00e1s a hum\u00e1n oszt\u00e1ly oszt\u00e1lynevel\u0151je<\/p>\n\n\n\n<p>0745515658 \u2013 Orb\u00e1n T\u00fcnde-Csilla titk\u00e1rn\u0151<\/p>\n\n\n\n<p>titkarsag@berdemozes.ro<\/p>\n\n\n\n<p><a href=\"https:\/\/www.berdemozes.ro\/?fbclid=IwAR12ffWwva0pidMXIxgQE_jf9VET7rMvlpX2iTufDmWEzik9zkoBCrgYdV4\" target=\"_blank\" rel=\"noreferrer noopener\">https:\/\/www.berdemozes.ro<\/a><\/p>\n\n\n\n<p><\/p>\n\n\n\n<p><a href=\"https:\/\/www.facebook.com\/bmugim\/photos\/a.206710419410160\/3925105067570658\/?__cft__[0]=AZUzBkIVTLtcX_hLnfb9Wiwm1YKgSQmZ8IYKmnhpK7i9Ul1MgzxgiU7AbOA-YEwzZTU_b2BIp3N2ICZlgTx1bdYK0Axv0eOdaipbWgrWO23DaGzk3gLSF0EvUGrA6DP0ryPgSZcKeyUwCvM5JLG4v24jpYBYla42H_YE8VvY9OHIW1HnrACvu8RaAcmaYM7vpKo&amp;__tn__=EH-R\"><\/a><\/p>\n\n\n\n<figure class=\"wp-block-embed\"><div class=\"wp-block-embed__wrapper\">\nhttps:\/\/www.facebook.com\/bmugim\/\n<\/div><\/figure>\n\n\n\n<p><\/p>\n","protected":false},"excerpt":{"rendered":"<p>TUDNIVAL\u00d3K A 2026\/2027-ES TAN\u00c9VRE Tisztelt \u00e9rdekl\u0151d\u0151k! A Berde M\u00f3zes Unit\u00e1rius Gimn\u00e1zium Term\u00e9szettudom\u00e1nyok\/Re\u00e1l oszt\u00e1ly\u00e1ban id\u00e9n 26 hely \u00e1ll az \u00e9rdekl\u0151d\u0151 di\u00e1kok rendelkez\u00e9s\u00e9re. Az oszt\u00e1lyba val\u00f3 bejut\u00e1s proced\u00far\u00e1ja az szok\u00e1sos sz\u00e1m\u00edt\u00f3g\u00e9pes eloszt\u00e1si &#8230;<\/p>\n","protected":false},"author":1,"featured_media":0,"parent":0,"menu_order":0,"comment_status":"closed","ping_status":"closed","template":"","meta":{"footnotes":""},"yoast_head":"<!-- This site is optimized with the Yoast SEO plugin v21.9.1 - https:\/\/yoast.com\/wordpress\/plugins\/seo\/ -->\n<title>Indul\u00f3 l\u00edceumi oszt\u00e1lyaink a 2026\u20132027-es tan\u00e9vre - Berde M\u00f3zes Unit\u00e1rius Gimn\u00e1zium<\/title>\n<meta name=\"robots\" content=\"noindex, follow, max-snippet:-1, max-image-preview:large, max-video-preview:-1\" \/>\n<meta property=\"og:locale\" content=\"hu_HU\" \/>\n<meta property=\"og:type\" content=\"article\" \/>\n<meta property=\"og:title\" content=\"Indul\u00f3 l\u00edceumi oszt\u00e1lyaink a 2026\u20132027-es tan\u00e9vre - Berde M\u00f3zes Unit\u00e1rius Gimn\u00e1zium\" \/>\n<meta property=\"og:description\" content=\"TUDNIVAL\u00d3K A 2026\/2027-ES TAN\u00c9VRE Tisztelt \u00e9rdekl\u0151d\u0151k! A Berde M\u00f3zes Unit\u00e1rius Gimn\u00e1zium Term\u00e9szettudom\u00e1nyok\/Re\u00e1l oszt\u00e1ly\u00e1ban id\u00e9n 26 hely \u00e1ll az \u00e9rdekl\u0151d\u0151 di\u00e1kok rendelkez\u00e9s\u00e9re. Az oszt\u00e1lyba val\u00f3 bejut\u00e1s proced\u00far\u00e1ja az szok\u00e1sos sz\u00e1m\u00edt\u00f3g\u00e9pes eloszt\u00e1si ...\" \/>\n<meta property=\"og:url\" content=\"http:\/\/berdemozes.ro\/index.php\/liceum\/\" \/>\n<meta property=\"og:site_name\" content=\"Berde M\u00f3zes Unit\u00e1rius Gimn\u00e1zium\" \/>\n<meta property=\"article:publisher\" content=\"https:\/\/www.facebook.com\/bmugim\" \/>\n<meta property=\"article:modified_time\" content=\"2026-05-05T16:40:10+00:00\" \/>\n<meta name=\"twitter:card\" content=\"summary_large_image\" \/>\n<meta name=\"twitter:label1\" content=\"Becs\u00fclt olvas\u00e1si id\u0151\" \/>\n\t<meta name=\"twitter:data1\" content=\"3 perc\" \/>\n<script type=\"application\/ld+json\" class=\"yoast-schema-graph\">{\"@context\":\"https:\/\/schema.org\",\"@graph\":[{\"@type\":\"WebPage\",\"@id\":\"http:\/\/berdemozes.ro\/index.php\/liceum\/\",\"url\":\"http:\/\/berdemozes.ro\/index.php\/liceum\/\",\"name\":\"Indul\u00f3 l\u00edceumi oszt\u00e1lyaink a 2026\u20132027-es tan\u00e9vre - Berde M\u00f3zes Unit\u00e1rius Gimn\u00e1zium\",\"isPartOf\":{\"@id\":\"https:\/\/berdemozes.ro\/#website\"},\"datePublished\":\"2020-11-10T14:56:53+00:00\",\"dateModified\":\"2026-05-05T16:40:10+00:00\",\"breadcrumb\":{\"@id\":\"http:\/\/berdemozes.ro\/index.php\/liceum\/#breadcrumb\"},\"inLanguage\":\"hu\",\"potentialAction\":[{\"@type\":\"ReadAction\",\"target\":[\"http:\/\/berdemozes.ro\/index.php\/liceum\/\"]}]},{\"@type\":\"BreadcrumbList\",\"@id\":\"http:\/\/berdemozes.ro\/index.php\/liceum\/#breadcrumb\",\"itemListElement\":[{\"@type\":\"ListItem\",\"position\":1,\"name\":\"Home\",\"item\":\"https:\/\/berdemozes.ro\/\"},{\"@type\":\"ListItem\",\"position\":2,\"name\":\"Indul\u00f3 l\u00edceumi oszt\u00e1lyaink a 2026\u20132027-es tan\u00e9vre\"}]},{\"@type\":\"WebSite\",\"@id\":\"https:\/\/berdemozes.ro\/#website\",\"url\":\"https:\/\/berdemozes.ro\/\",\"name\":\"Berde M\u00f3zes Unit\u00e1rius Gimn\u00e1zium\",\"description\":\"A sz\u00e9kelykereszt\u00fari Berde M\u00f3zes Unit\u00e1rius Gimn\u00e1zium weboldala.\",\"publisher\":{\"@id\":\"https:\/\/berdemozes.ro\/#organization\"},\"potentialAction\":[{\"@type\":\"SearchAction\",\"target\":{\"@type\":\"EntryPoint\",\"urlTemplate\":\"https:\/\/berdemozes.ro\/?s={search_term_string}\"},\"query-input\":\"required name=search_term_string\"}],\"inLanguage\":\"hu\"},{\"@type\":\"Organization\",\"@id\":\"https:\/\/berdemozes.ro\/#organization\",\"name\":\"Berde M\u00f3zes Unit\u00e1rius Gimn\u00e1zium\",\"url\":\"https:\/\/berdemozes.ro\/\",\"logo\":{\"@type\":\"ImageObject\",\"inLanguage\":\"hu\",\"@id\":\"https:\/\/berdemozes.ro\/#\/schema\/logo\/image\/\",\"url\":\"https:\/\/berdemozes.ro\/wp-content\/uploads\/2020\/11\/cropped-HEADER-LOGO-2-1.png\",\"contentUrl\":\"https:\/\/berdemozes.ro\/wp-content\/uploads\/2020\/11\/cropped-HEADER-LOGO-2-1.png\",\"width\":213,\"height\":48,\"caption\":\"Berde M\u00f3zes Unit\u00e1rius Gimn\u00e1zium\"},\"image\":{\"@id\":\"https:\/\/berdemozes.ro\/#\/schema\/logo\/image\/\"},\"sameAs\":[\"https:\/\/www.facebook.com\/bmugim\"]}]}<\/script>\n<!-- \/ Yoast SEO plugin. -->","yoast_head_json":{"title":"Indul\u00f3 l\u00edceumi oszt\u00e1lyaink a 2026\u20132027-es tan\u00e9vre - Berde M\u00f3zes Unit\u00e1rius Gimn\u00e1zium","robots":{"index":"noindex","follow":"follow","max-snippet":"max-snippet:-1","max-image-preview":"max-image-preview:large","max-video-preview":"max-video-preview:-1"},"og_locale":"hu_HU","og_type":"article","og_title":"Indul\u00f3 l\u00edceumi oszt\u00e1lyaink a 2026\u20132027-es tan\u00e9vre - Berde M\u00f3zes Unit\u00e1rius Gimn\u00e1zium","og_description":"TUDNIVAL\u00d3K A 2026\/2027-ES TAN\u00c9VRE Tisztelt \u00e9rdekl\u0151d\u0151k! A Berde M\u00f3zes Unit\u00e1rius Gimn\u00e1zium Term\u00e9szettudom\u00e1nyok\/Re\u00e1l oszt\u00e1ly\u00e1ban id\u00e9n 26 hely \u00e1ll az \u00e9rdekl\u0151d\u0151 di\u00e1kok rendelkez\u00e9s\u00e9re. Az oszt\u00e1lyba val\u00f3 bejut\u00e1s proced\u00far\u00e1ja az szok\u00e1sos sz\u00e1m\u00edt\u00f3g\u00e9pes eloszt\u00e1si ...","og_url":"http:\/\/berdemozes.ro\/index.php\/liceum\/","og_site_name":"Berde M\u00f3zes Unit\u00e1rius Gimn\u00e1zium","article_publisher":"https:\/\/www.facebook.com\/bmugim","article_modified_time":"2026-05-05T16:40:10+00:00","twitter_card":"summary_large_image","twitter_misc":{"Becs\u00fclt olvas\u00e1si id\u0151":"3 perc"},"schema":{"@context":"https:\/\/schema.org","@graph":[{"@type":"WebPage","@id":"http:\/\/berdemozes.ro\/index.php\/liceum\/","url":"http:\/\/berdemozes.ro\/index.php\/liceum\/","name":"Indul\u00f3 l\u00edceumi oszt\u00e1lyaink a 2026\u20132027-es tan\u00e9vre - Berde M\u00f3zes Unit\u00e1rius Gimn\u00e1zium","isPartOf":{"@id":"https:\/\/berdemozes.ro\/#website"},"datePublished":"2020-11-10T14:56:53+00:00","dateModified":"2026-05-05T16:40:10+00:00","breadcrumb":{"@id":"http:\/\/berdemozes.ro\/index.php\/liceum\/#breadcrumb"},"inLanguage":"hu","potentialAction":[{"@type":"ReadAction","target":["http:\/\/berdemozes.ro\/index.php\/liceum\/"]}]},{"@type":"BreadcrumbList","@id":"http:\/\/berdemozes.ro\/index.php\/liceum\/#breadcrumb","itemListElement":[{"@type":"ListItem","position":1,"name":"Home","item":"https:\/\/berdemozes.ro\/"},{"@type":"ListItem","position":2,"name":"Indul\u00f3 l\u00edceumi oszt\u00e1lyaink a 2026\u20132027-es tan\u00e9vre"}]},{"@type":"WebSite","@id":"https:\/\/berdemozes.ro\/#website","url":"https:\/\/berdemozes.ro\/","name":"Berde M\u00f3zes Unit\u00e1rius Gimn\u00e1zium","description":"A sz\u00e9kelykereszt\u00fari Berde M\u00f3zes Unit\u00e1rius Gimn\u00e1zium weboldala.","publisher":{"@id":"https:\/\/berdemozes.ro\/#organization"},"potentialAction":[{"@type":"SearchAction","target":{"@type":"EntryPoint","urlTemplate":"https:\/\/berdemozes.ro\/?s={search_term_string}"},"query-input":"required name=search_term_string"}],"inLanguage":"hu"},{"@type":"Organization","@id":"https:\/\/berdemozes.ro\/#organization","name":"Berde M\u00f3zes Unit\u00e1rius Gimn\u00e1zium","url":"https:\/\/berdemozes.ro\/","logo":{"@type":"ImageObject","inLanguage":"hu","@id":"https:\/\/berdemozes.ro\/#\/schema\/logo\/image\/","url":"https:\/\/berdemozes.ro\/wp-content\/uploads\/2020\/11\/cropped-HEADER-LOGO-2-1.png","contentUrl":"https:\/\/berdemozes.ro\/wp-content\/uploads\/2020\/11\/cropped-HEADER-LOGO-2-1.png","width":213,"height":48,"caption":"Berde M\u00f3zes Unit\u00e1rius Gimn\u00e1zium"},"image":{"@id":"https:\/\/berdemozes.ro\/#\/schema\/logo\/image\/"},"sameAs":["https:\/\/www.facebook.com\/bmugim"]}]}},"jetpack_sharing_enabled":true,"_links":{"self":[{"href":"https:\/\/berdemozes.ro\/index.php\/wp-json\/wp\/v2\/pages\/137"}],"collection":[{"href":"https:\/\/berdemozes.ro\/index.php\/wp-json\/wp\/v2\/pages"}],"about":[{"href":"https:\/\/berdemozes.ro\/index.php\/wp-json\/wp\/v2\/types\/page"}],"author":[{"embeddable":true,"href":"https:\/\/berdemozes.ro\/index.php\/wp-json\/wp\/v2\/users\/1"}],"replies":[{"embeddable":true,"href":"https:\/\/berdemozes.ro\/index.php\/wp-json\/wp\/v2\/comments?post=137"}],"version-history":[{"count":53,"href":"https:\/\/berdemozes.ro\/index.php\/wp-json\/wp\/v2\/pages\/137\/revisions"}],"predecessor-version":[{"id":6713,"href":"https:\/\/berdemozes.ro\/index.php\/wp-json\/wp\/v2\/pages\/137\/revisions\/6713"}],"wp:attachment":[{"href":"https:\/\/berdemozes.ro\/index.php\/wp-json\/wp\/v2\/media?parent=137"}],"curies":[{"name":"wp","href":"https:\/\/api.w.org\/{rel}","templated":true}]}}