{"id":138,"date":"2020-11-10T14:56:53","date_gmt":"2020-11-10T14:56:53","guid":{"rendered":"https:\/\/berdemozes.ro\/?page_id=138"},"modified":"2026-05-05T07:32:35","modified_gmt":"2026-05-05T07:32:35","slug":"gimnazium","status":"publish","type":"page","link":"https:\/\/berdemozes.ro\/index.php\/gimnazium\/","title":{"rendered":"Indul\u00f3 V. oszt\u00e1ly \u2013 2026\/2027"},"content":{"rendered":"\n<p><strong>Az V. oszt\u00e1lyba val\u00f3\u0301 beiratkoz\u00e1s 2026. m\u00e1jus 5\u20138. k\u00f6z\u00f6tti peri\u00f3diusban zajlik. <\/strong><\/p>\n\n\n\n<p>Az \u00f6t\u00f6dik oszt\u00e1lyba val\u00f3 beiratkoz\u00e1si \u00fctemterv szerint  <strong>2026. m\u00e1jus 5-8.<\/strong> k\u00f6z\u00f6tt \u00e1ll\u00edtjuk ki a negyedik oszt\u00e1lyosok sz\u00e1m\u00e1ra a beiratkoz\u00e1shoz sz\u00fcks\u00e9ges k\u00e9r\u00e9seket. A negyedikesek tan\u00edt\u00f3ja ebben a peri\u00f3dusban sz\u00fcl\u0151i \u00e9rtekezletet h\u00edv \u00f6ssze, a sz\u00fcl\u0151k t\u00e1j\u00e9koztat\u00e1s\u00e1ra. (2026. m\u00e1jus 8-\u00e1n 18:00 \u00f3r\u00e1t\u00f3l az Orb\u00e1n Bal\u00e1zs 16 sz\u00e1m alatti oszt\u00e1lyteremben) <\/p>\n\n\n\n<p>Az \u00f6t\u00f6dik oszt\u00e1ly a 2026\/2027-es tan\u00e9vben az orsz\u00e1gos szab\u00e1lyoz\u00e1s \u00e9rtelm\u00e9ben 26 tanul\u00f3val indul. A beiratkoz\u00e1s sor\u00e1n a BMUG negyedik oszt\u00e1ly\u00e1nak tanul\u00f3i el\u0151nyt \u00e9lveznek. <strong>Az indul\u00f3 oszt\u00e1ly oszt\u00e1lynevel\u0151je Szak\u00e1cs Emilia,\u00a0f\u00f6ldrajz szakos tan\u00e1rn\u0151.<\/strong><\/p>\n\n\n\n<p><strong>2026. m\u00e1jus 11-15.<\/strong> k\u00f6z\u00f6tt t\u00f6rt\u00e9nik a kit\u00f6lt\u00f6tt k\u00e9r\u00e9sek lead\u00e1sa az iskola titk\u00e1rs\u00e1g\u00e1n h\u00e9tk\u00f6znap 8\u201314 \u00f3ra k\u00f6z\u00f6tt.<\/p>\n\n\n\n<p><strong>2026. m\u00e1jus 15-\u00e9n<\/strong> els\u0151 l\u00e9p\u00e9sben be\u00edr\u00e1sra ker\u00fclnek a BMUG negyedik oszt\u00e1lyos di\u00e1kjai. <\/p>\n\n\n\n<p><strong>2026. m\u00e1jus 19-20. k\u00f6z\u00f6tt<\/strong> sz\u00e1mbavessz\u00fck a m\u00e1s iskol\u00e1b\u00f3l jelentkez\u0151 di\u00e1kok jelentkez\u00e9s\u00e9t. <\/p>\n\n\n\n<p><strong>2026. m\u00e1jus 19-20. k\u00f6z\u00f6tt<\/strong> az els\u0151 k\u00f6rben elutas\u00edtott di\u00e1kok jelentkezhetnek az \u00fcresen maradt helyekre.<\/p>\n\n\n\n<p><strong>2026. m\u00e1jus 21-\u00e9n<\/strong> k\u00f6zz\u00e9 tessz\u00fck a v\u00e9gleges bejut\u00e1si eredm\u00e9nyeket.  <\/p>\n\n\n\n<p><strong>A beiratkoz\u00e1ssal kapcsolatos tov\u00e1bbi inform\u00e1ci\u00f3k\u00e9rt forduljon a tanul\u00f3 tan\u00edt\u00f3j\u00e1hoz, vagy az iskola titk\u00e1rs\u00e1g\u00e1hoz!<\/strong><\/p>\n\n\n\n<p><\/p>\n\n\n\n<p><\/p>\n","protected":false},"excerpt":{"rendered":"<p>Az V. oszt\u00e1lyba val\u00f3\u0301 beiratkoz\u00e1s 2026. m\u00e1jus 5\u20138. k\u00f6z\u00f6tti peri\u00f3diusban zajlik. Az \u00f6t\u00f6dik oszt\u00e1lyba val\u00f3 beiratkoz\u00e1si \u00fctemterv szerint 2026. m\u00e1jus 5-8. k\u00f6z\u00f6tt \u00e1ll\u00edtjuk ki a negyedik oszt\u00e1lyosok sz\u00e1m\u00e1ra a beiratkoz\u00e1shoz &#8230;<\/p>\n","protected":false},"author":1,"featured_media":2684,"parent":0,"menu_order":0,"comment_status":"closed","ping_status":"closed","template":"","meta":{"footnotes":""},"yoast_head":"<!-- This site is optimized with the Yoast SEO plugin v21.9.1 - https:\/\/yoast.com\/wordpress\/plugins\/seo\/ -->\n<title>Indul\u00f3 V. oszt\u00e1ly \u2013 2026\/2027 - Berde M\u00f3zes Unit\u00e1rius Gimn\u00e1zium<\/title>\n<meta name=\"robots\" content=\"noindex, follow, max-snippet:-1, max-image-preview:large, max-video-preview:-1\" \/>\n<meta property=\"og:locale\" content=\"hu_HU\" \/>\n<meta property=\"og:type\" content=\"article\" \/>\n<meta property=\"og:title\" content=\"Indul\u00f3 V. oszt\u00e1ly \u2013 2026\/2027 - Berde M\u00f3zes Unit\u00e1rius Gimn\u00e1zium\" \/>\n<meta property=\"og:description\" content=\"Az V. oszt\u00e1lyba val\u00f3\u0301 beiratkoz\u00e1s 2026. m\u00e1jus 5\u20138. k\u00f6z\u00f6tti peri\u00f3diusban zajlik. Az \u00f6t\u00f6dik oszt\u00e1lyba val\u00f3 beiratkoz\u00e1si \u00fctemterv szerint 2026. m\u00e1jus 5-8. k\u00f6z\u00f6tt \u00e1ll\u00edtjuk ki a negyedik oszt\u00e1lyosok sz\u00e1m\u00e1ra a beiratkoz\u00e1shoz ...\" \/>\n<meta property=\"og:url\" content=\"https:\/\/berdemozes.ro\/index.php\/gimnazium\/\" \/>\n<meta property=\"og:site_name\" content=\"Berde M\u00f3zes Unit\u00e1rius Gimn\u00e1zium\" \/>\n<meta property=\"article:publisher\" content=\"https:\/\/www.facebook.com\/bmugim\" \/>\n<meta property=\"article:modified_time\" content=\"2026-05-05T07:32:35+00:00\" \/>\n<meta property=\"og:image\" content=\"https:\/\/berdemozes.ro\/wp-content\/uploads\/2021\/01\/cropped-favicon.png\" \/>\n\t<meta property=\"og:image:width\" content=\"512\" \/>\n\t<meta property=\"og:image:height\" content=\"512\" \/>\n\t<meta property=\"og:image:type\" content=\"image\/png\" \/>\n<meta name=\"twitter:card\" content=\"summary_large_image\" \/>\n<meta name=\"twitter:label1\" content=\"Becs\u00fclt olvas\u00e1si id\u0151\" \/>\n\t<meta name=\"twitter:data1\" content=\"2 perc\" \/>\n<script type=\"application\/ld+json\" class=\"yoast-schema-graph\">{\"@context\":\"https:\/\/schema.org\",\"@graph\":[{\"@type\":\"WebPage\",\"@id\":\"https:\/\/berdemozes.ro\/index.php\/gimnazium\/\",\"url\":\"https:\/\/berdemozes.ro\/index.php\/gimnazium\/\",\"name\":\"Indul\u00f3 V. oszt\u00e1ly \u2013 2026\/2027 - Berde M\u00f3zes Unit\u00e1rius Gimn\u00e1zium\",\"isPartOf\":{\"@id\":\"https:\/\/berdemozes.ro\/#website\"},\"datePublished\":\"2020-11-10T14:56:53+00:00\",\"dateModified\":\"2026-05-05T07:32:35+00:00\",\"breadcrumb\":{\"@id\":\"https:\/\/berdemozes.ro\/index.php\/gimnazium\/#breadcrumb\"},\"inLanguage\":\"hu\",\"potentialAction\":[{\"@type\":\"ReadAction\",\"target\":[\"https:\/\/berdemozes.ro\/index.php\/gimnazium\/\"]}]},{\"@type\":\"BreadcrumbList\",\"@id\":\"https:\/\/berdemozes.ro\/index.php\/gimnazium\/#breadcrumb\",\"itemListElement\":[{\"@type\":\"ListItem\",\"position\":1,\"name\":\"Home\",\"item\":\"https:\/\/berdemozes.ro\/\"},{\"@type\":\"ListItem\",\"position\":2,\"name\":\"Indul\u00f3 V. oszt\u00e1ly \u2013 2026\/2027\"}]},{\"@type\":\"WebSite\",\"@id\":\"https:\/\/berdemozes.ro\/#website\",\"url\":\"https:\/\/berdemozes.ro\/\",\"name\":\"Berde M\u00f3zes Unit\u00e1rius Gimn\u00e1zium\",\"description\":\"A sz\u00e9kelykereszt\u00fari Berde M\u00f3zes Unit\u00e1rius Gimn\u00e1zium weboldala.\",\"publisher\":{\"@id\":\"https:\/\/berdemozes.ro\/#organization\"},\"potentialAction\":[{\"@type\":\"SearchAction\",\"target\":{\"@type\":\"EntryPoint\",\"urlTemplate\":\"https:\/\/berdemozes.ro\/?s={search_term_string}\"},\"query-input\":\"required name=search_term_string\"}],\"inLanguage\":\"hu\"},{\"@type\":\"Organization\",\"@id\":\"https:\/\/berdemozes.ro\/#organization\",\"name\":\"Berde M\u00f3zes Unit\u00e1rius Gimn\u00e1zium\",\"url\":\"https:\/\/berdemozes.ro\/\",\"logo\":{\"@type\":\"ImageObject\",\"inLanguage\":\"hu\",\"@id\":\"https:\/\/berdemozes.ro\/#\/schema\/logo\/image\/\",\"url\":\"https:\/\/berdemozes.ro\/wp-content\/uploads\/2020\/11\/cropped-HEADER-LOGO-2-1.png\",\"contentUrl\":\"https:\/\/berdemozes.ro\/wp-content\/uploads\/2020\/11\/cropped-HEADER-LOGO-2-1.png\",\"width\":213,\"height\":48,\"caption\":\"Berde M\u00f3zes Unit\u00e1rius Gimn\u00e1zium\"},\"image\":{\"@id\":\"https:\/\/berdemozes.ro\/#\/schema\/logo\/image\/\"},\"sameAs\":[\"https:\/\/www.facebook.com\/bmugim\"]}]}<\/script>\n<!-- \/ Yoast SEO plugin. -->","yoast_head_json":{"title":"Indul\u00f3 V. oszt\u00e1ly \u2013 2026\/2027 - Berde M\u00f3zes Unit\u00e1rius Gimn\u00e1zium","robots":{"index":"noindex","follow":"follow","max-snippet":"max-snippet:-1","max-image-preview":"max-image-preview:large","max-video-preview":"max-video-preview:-1"},"og_locale":"hu_HU","og_type":"article","og_title":"Indul\u00f3 V. oszt\u00e1ly \u2013 2026\/2027 - Berde M\u00f3zes Unit\u00e1rius Gimn\u00e1zium","og_description":"Az V. oszt\u00e1lyba val\u00f3\u0301 beiratkoz\u00e1s 2026. m\u00e1jus 5\u20138. k\u00f6z\u00f6tti peri\u00f3diusban zajlik. Az \u00f6t\u00f6dik oszt\u00e1lyba val\u00f3 beiratkoz\u00e1si \u00fctemterv szerint 2026. m\u00e1jus 5-8. k\u00f6z\u00f6tt \u00e1ll\u00edtjuk ki a negyedik oszt\u00e1lyosok sz\u00e1m\u00e1ra a beiratkoz\u00e1shoz ...","og_url":"https:\/\/berdemozes.ro\/index.php\/gimnazium\/","og_site_name":"Berde M\u00f3zes Unit\u00e1rius Gimn\u00e1zium","article_publisher":"https:\/\/www.facebook.com\/bmugim","article_modified_time":"2026-05-05T07:32:35+00:00","og_image":[{"width":512,"height":512,"url":"https:\/\/berdemozes.ro\/wp-content\/uploads\/2021\/01\/cropped-favicon.png","type":"image\/png"}],"twitter_card":"summary_large_image","twitter_misc":{"Becs\u00fclt olvas\u00e1si id\u0151":"2 perc"},"schema":{"@context":"https:\/\/schema.org","@graph":[{"@type":"WebPage","@id":"https:\/\/berdemozes.ro\/index.php\/gimnazium\/","url":"https:\/\/berdemozes.ro\/index.php\/gimnazium\/","name":"Indul\u00f3 V. oszt\u00e1ly \u2013 2026\/2027 - Berde M\u00f3zes Unit\u00e1rius Gimn\u00e1zium","isPartOf":{"@id":"https:\/\/berdemozes.ro\/#website"},"datePublished":"2020-11-10T14:56:53+00:00","dateModified":"2026-05-05T07:32:35+00:00","breadcrumb":{"@id":"https:\/\/berdemozes.ro\/index.php\/gimnazium\/#breadcrumb"},"inLanguage":"hu","potentialAction":[{"@type":"ReadAction","target":["https:\/\/berdemozes.ro\/index.php\/gimnazium\/"]}]},{"@type":"BreadcrumbList","@id":"https:\/\/berdemozes.ro\/index.php\/gimnazium\/#breadcrumb","itemListElement":[{"@type":"ListItem","position":1,"name":"Home","item":"https:\/\/berdemozes.ro\/"},{"@type":"ListItem","position":2,"name":"Indul\u00f3 V. oszt\u00e1ly \u2013 2026\/2027"}]},{"@type":"WebSite","@id":"https:\/\/berdemozes.ro\/#website","url":"https:\/\/berdemozes.ro\/","name":"Berde M\u00f3zes Unit\u00e1rius Gimn\u00e1zium","description":"A sz\u00e9kelykereszt\u00fari Berde M\u00f3zes Unit\u00e1rius Gimn\u00e1zium weboldala.","publisher":{"@id":"https:\/\/berdemozes.ro\/#organization"},"potentialAction":[{"@type":"SearchAction","target":{"@type":"EntryPoint","urlTemplate":"https:\/\/berdemozes.ro\/?s={search_term_string}"},"query-input":"required name=search_term_string"}],"inLanguage":"hu"},{"@type":"Organization","@id":"https:\/\/berdemozes.ro\/#organization","name":"Berde M\u00f3zes Unit\u00e1rius Gimn\u00e1zium","url":"https:\/\/berdemozes.ro\/","logo":{"@type":"ImageObject","inLanguage":"hu","@id":"https:\/\/berdemozes.ro\/#\/schema\/logo\/image\/","url":"https:\/\/berdemozes.ro\/wp-content\/uploads\/2020\/11\/cropped-HEADER-LOGO-2-1.png","contentUrl":"https:\/\/berdemozes.ro\/wp-content\/uploads\/2020\/11\/cropped-HEADER-LOGO-2-1.png","width":213,"height":48,"caption":"Berde M\u00f3zes Unit\u00e1rius Gimn\u00e1zium"},"image":{"@id":"https:\/\/berdemozes.ro\/#\/schema\/logo\/image\/"},"sameAs":["https:\/\/www.facebook.com\/bmugim"]}]}},"jetpack_sharing_enabled":true,"_links":{"self":[{"href":"https:\/\/berdemozes.ro\/index.php\/wp-json\/wp\/v2\/pages\/138"}],"collection":[{"href":"https:\/\/berdemozes.ro\/index.php\/wp-json\/wp\/v2\/pages"}],"about":[{"href":"https:\/\/berdemozes.ro\/index.php\/wp-json\/wp\/v2\/types\/page"}],"author":[{"embeddable":true,"href":"https:\/\/berdemozes.ro\/index.php\/wp-json\/wp\/v2\/users\/1"}],"replies":[{"embeddable":true,"href":"https:\/\/berdemozes.ro\/index.php\/wp-json\/wp\/v2\/comments?post=138"}],"version-history":[{"count":20,"href":"https:\/\/berdemozes.ro\/index.php\/wp-json\/wp\/v2\/pages\/138\/revisions"}],"predecessor-version":[{"id":6709,"href":"https:\/\/berdemozes.ro\/index.php\/wp-json\/wp\/v2\/pages\/138\/revisions\/6709"}],"wp:featuredmedia":[{"embeddable":true,"href":"https:\/\/berdemozes.ro\/index.php\/wp-json\/wp\/v2\/media\/2684"}],"wp:attachment":[{"href":"https:\/\/berdemozes.ro\/index.php\/wp-json\/wp\/v2\/media?parent=138"}],"curies":[{"name":"wp","href":"https:\/\/api.w.org\/{rel}","templated":true}]}}