{"id":2719,"date":"2021-02-14T09:31:30","date_gmt":"2021-02-14T09:31:30","guid":{"rendered":"https:\/\/berdemozes.ro\/?page_id=2719"},"modified":"2021-02-22T06:40:34","modified_gmt":"2021-02-22T06:40:34","slug":"online-oktatas","status":"publish","type":"page","link":"https:\/\/berdemozes.ro\/index.php\/online-oktatas\/","title":{"rendered":"Online oktat\u00e1s"},"content":{"rendered":"\n<p><\/p>\n\n\n\n<p>A Berde M\u00f3zes Unit\u00e1rius Gimn\u00e1zium a Covid-19 \u00e1ltal okozott t\u00e1rsadalmi korl\u00e1toz\u00e1sok k\u00e9nyszere alatt az online iskolai oktat\u00e1st m\u00e1s Hargita megyei iskol\u00e1khoz hasonl\u00f3an a GSuite platformon szervezte meg. Viszonylag r\u00f6vid id\u0151n bel\u00fcl minden tanul\u00f3nk saj\u00e1t online el\u00e9rhet\u0151s\u00e9get kapott \u00e9s az oktat\u00e1s az online t\u00e9rbe k\u00f6lt\u00f6z\u00f6tt, ahol a tan\u00f3r\u00e1k szinkron \u00e9s aszinkron form\u00e1ban zajlottak. Az online oktat\u00e1s id\u0151szak\u00e1ban a tan\u00f3r\u00e1k a Google Classroom \u00e9s a Google Meet alkalmaz\u00e1sok seg\u00edts\u00e9g\u00e9vel val\u00f3sultak meg. A bels\u0151 iskolai online platform l\u00e9tes\u00edt\u00e9se mellett iskol\u00e1nk di\u00e1kjai ig\u00e9ny szerint Sz\u00e9kelykereszt\u00far v\u00e1ros t\u00e1mogat\u00e1s\u00e1val szem\u00e9lyi t\u00e1blag\u00e9peket, illetve laptopokat kaphattak az online oktat\u00e1shoz sz\u00fcks\u00e9ges felt\u00e9telek el\u00e9r\u00e9s\u00e9hez.<\/p>\n\n\n\n<figure class=\"wp-block-image size-large is-resized\"><img decoding=\"async\" src=\"http:\/\/berdemozes.ro\/wp-content\/uploads\/2021\/02\/GSuite-1024x530.jpg\" alt=\"\" class=\"wp-image-2902\" width=\"259\" height=\"134\" srcset=\"https:\/\/berdemozes.ro\/wp-content\/uploads\/2021\/02\/GSuite-1024x530.jpg 1024w, https:\/\/berdemozes.ro\/wp-content\/uploads\/2021\/02\/GSuite-300x155.jpg 300w, https:\/\/berdemozes.ro\/wp-content\/uploads\/2021\/02\/GSuite-768x397.jpg 768w, https:\/\/berdemozes.ro\/wp-content\/uploads\/2021\/02\/GSuite.jpg 1160w\" sizes=\"(max-width: 259px) 100vw, 259px\" \/><\/figure>\n\n\n\n<p>2020. december m\u00e1sodik fel\u00e9ben az elemi oszt\u00e1lyos gyermekek k\u00e9zhez kapt\u00e1k azokat a t\u00e1blag\u00e9peket, amelyeket a v\u00e1rosi tan\u00e1cs t\u00e1mogat\u00e1s\u00e1val, egy k\u00f6zbeszerz\u00e9si folyamat v\u00e9geredm\u00e9nyek\u00e9nt megv\u00e1s\u00e1roltunk. Eleddig minden olyan elemi oszt\u00e1lyos di\u00e1k r\u00e9szes\u00fclhetett ebb\u0151l a t\u00e1mogat\u00e1sb\u00f3l, aki ig\u00e9nyl\u00e9st ny\u00fajtott be az iskol\u00e1hoz.<\/p>\n\n\n\n<figure class=\"wp-block-image size-large is-resized\"><img decoding=\"async\" src=\"https:\/\/www.edtechteam.com\/wp-content\/uploads\/2019\/11\/Google-Classroom-Hero-V2.png\" alt=\"\" width=\"329\" height=\"143\"\/><\/figure>\n\n\n\n<p>A 2020-as \u00e9v utols\u00f3 napj\u00e1n nagy \u00f6r\u00f6m\u00fcnkre meg\u00e9rkeztek az 5\u201312. oszt\u00e1lyosoknak sz\u00e1nt, ugyanabb\u00f3l a t\u00e1mogat\u00e1si \u00e9s k\u00f6zbeszerz\u00e9si alapb\u00f3l v\u00e1s\u00e1rolt laptopok is. Az 5\u201312. oszt\u00e1lyosok laptopjainak kioszt\u00e1sa az \u00e9v els\u0151 napjaiban megt\u00f6rt\u00e9nt. Minden di\u00e1k, aki ig\u00e9nyl\u00e9st ny\u00fajtott be az iskol\u00e1hoz, janu\u00e1r k\u00f6zep\u00e9ig \u00e1tvehette az online oktat\u00e1shoz sz\u00fcks\u00e9ges korszer\u0171, \u00faj eszk\u00f6z\u00e9t.<\/p>\n\n\n\n<div class=\"wp-block-group\"><div class=\"wp-block-group__inner-container is-layout-flow wp-block-group-is-layout-flow\">\n<div class=\"wp-block-image\"><figure class=\"aligncenter size-large is-resized\"><img fetchpriority=\"high\" decoding=\"async\" src=\"http:\/\/berdemozes.ro\/wp-content\/uploads\/2021\/02\/Tablet-768x1024.jpg\" alt=\"\" class=\"wp-image-2978\" width=\"360\" height=\"479\" srcset=\"https:\/\/berdemozes.ro\/wp-content\/uploads\/2021\/02\/Tablet-768x1024.jpg 768w, https:\/\/berdemozes.ro\/wp-content\/uploads\/2021\/02\/Tablet-225x300.jpg 225w, https:\/\/berdemozes.ro\/wp-content\/uploads\/2021\/02\/Tablet-300x400.jpg 300w, https:\/\/berdemozes.ro\/wp-content\/uploads\/2021\/02\/Tablet-1152x1536.jpg 1152w, https:\/\/berdemozes.ro\/wp-content\/uploads\/2021\/02\/Tablet.jpg 1536w\" sizes=\"(max-width: 360px) 100vw, 360px\" \/><figcaption>Az elemi oszt\u00e1lyosok eszk\u00f6ze<\/figcaption><\/figure><\/div>\n\n\n\n<div class=\"wp-block-image\"><figure class=\"aligncenter size-large is-resized\"><img loading=\"lazy\" decoding=\"async\" src=\"http:\/\/berdemozes.ro\/wp-content\/uploads\/2021\/02\/Laptop-1024x768.jpg\" alt=\"\" class=\"wp-image-2979\" width=\"518\" height=\"389\" srcset=\"https:\/\/berdemozes.ro\/wp-content\/uploads\/2021\/02\/Laptop-1024x768.jpg 1024w, https:\/\/berdemozes.ro\/wp-content\/uploads\/2021\/02\/Laptop-300x225.jpg 300w, https:\/\/berdemozes.ro\/wp-content\/uploads\/2021\/02\/Laptop-768x576.jpg 768w, https:\/\/berdemozes.ro\/wp-content\/uploads\/2021\/02\/Laptop-1536x1152.jpg 1536w, https:\/\/berdemozes.ro\/wp-content\/uploads\/2021\/02\/Laptop.jpg 1560w\" sizes=\"(max-width: 518px) 100vw, 518px\" \/><\/figure><\/div>\n\n\n\n<p class=\"has-text-align-center\">Az 5-12. oszt\u00e1lyosok eszk\u00f6ze<\/p>\n<\/div><\/div>\n\n\n\n<p>A k\u00f6zbeszerz\u00e9si elj\u00e1r\u00e1s harmadik t\u00e9telek\u00e9nt, a pedag\u00f3gusoknak sz\u00e1nt sz\u00e1m\u00edt\u00f3g\u00e9pes munkaeszk\u00f6z\u00f6k is kioszt\u00e1sra ker\u00fcltek. E helyen k\u00f6sz\u00f6netet mondunk Sz\u00e9kelykereszt\u00far V\u00e1ros \u00d6nkorm\u00e1nyzat\u00e1nak az iskol\u00e1nk sz\u00e1m\u00e1ra biztos\u00edtott jelent\u0151s \u00f6sszeg\u0171 t\u00e1mogat\u00e1s\u00e9rt, amivel rem\u00e9nyeink szerint a sokak sz\u00e1m\u00e1ra megpr\u00f3b\u00e1l\u00f3 online oktat\u00e1si forma sz\u00ednvonal\u00e1t jelent\u0151sen jav\u00edthatjuk.<\/p>\n\n\n\n<figure class=\"wp-block-image size-large is-resized\"><img loading=\"lazy\" decoding=\"async\" src=\"http:\/\/berdemozes.ro\/wp-content\/uploads\/2021\/02\/Berdesziv.jpg\" alt=\"\" class=\"wp-image-2944\" width=\"287\" height=\"258\"\/><\/figure>\n","protected":false},"excerpt":{"rendered":"<p>A Berde M\u00f3zes Unit\u00e1rius Gimn\u00e1zium a Covid-19 \u00e1ltal okozott t\u00e1rsadalmi korl\u00e1toz\u00e1sok k\u00e9nyszere alatt az online iskolai oktat\u00e1st m\u00e1s Hargita megyei iskol\u00e1khoz hasonl\u00f3an a GSuite platformon szervezte meg. Viszonylag r\u00f6vid id\u0151n &#8230;<\/p>\n","protected":false},"author":1,"featured_media":0,"parent":0,"menu_order":0,"comment_status":"closed","ping_status":"closed","template":"","meta":{"footnotes":""},"yoast_head":"<!-- This site is optimized with the Yoast SEO plugin v21.9.1 - https:\/\/yoast.com\/wordpress\/plugins\/seo\/ -->\n<title>Online oktat\u00e1s - Berde M\u00f3zes Unit\u00e1rius Gimn\u00e1zium<\/title>\n<meta name=\"robots\" content=\"noindex, follow, max-snippet:-1, max-image-preview:large, max-video-preview:-1\" \/>\n<meta property=\"og:locale\" content=\"hu_HU\" \/>\n<meta property=\"og:type\" content=\"article\" \/>\n<meta property=\"og:title\" content=\"Online oktat\u00e1s - Berde M\u00f3zes Unit\u00e1rius Gimn\u00e1zium\" \/>\n<meta property=\"og:description\" content=\"A Berde M\u00f3zes Unit\u00e1rius Gimn\u00e1zium a Covid-19 \u00e1ltal okozott t\u00e1rsadalmi korl\u00e1toz\u00e1sok k\u00e9nyszere alatt az online iskolai oktat\u00e1st m\u00e1s Hargita megyei iskol\u00e1khoz hasonl\u00f3an a GSuite platformon szervezte meg. Viszonylag r\u00f6vid id\u0151n ...\" \/>\n<meta property=\"og:url\" content=\"https:\/\/berdemozes.ro\/index.php\/online-oktatas\/\" \/>\n<meta property=\"og:site_name\" content=\"Berde M\u00f3zes Unit\u00e1rius Gimn\u00e1zium\" \/>\n<meta property=\"article:publisher\" content=\"https:\/\/www.facebook.com\/bmugim\" \/>\n<meta property=\"article:modified_time\" content=\"2021-02-22T06:40:34+00:00\" \/>\n<meta property=\"og:image\" content=\"http:\/\/berdemozes.ro\/wp-content\/uploads\/2021\/02\/GSuite-1024x530.jpg\" \/>\n<meta name=\"twitter:card\" content=\"summary_large_image\" \/>\n<meta name=\"twitter:label1\" content=\"Becs\u00fclt olvas\u00e1si id\u0151\" \/>\n\t<meta name=\"twitter:data1\" content=\"2 perc\" \/>\n<script type=\"application\/ld+json\" class=\"yoast-schema-graph\">{\"@context\":\"https:\/\/schema.org\",\"@graph\":[{\"@type\":\"WebPage\",\"@id\":\"https:\/\/berdemozes.ro\/index.php\/online-oktatas\/\",\"url\":\"https:\/\/berdemozes.ro\/index.php\/online-oktatas\/\",\"name\":\"Online oktat\u00e1s - Berde M\u00f3zes Unit\u00e1rius Gimn\u00e1zium\",\"isPartOf\":{\"@id\":\"https:\/\/berdemozes.ro\/#website\"},\"datePublished\":\"2021-02-14T09:31:30+00:00\",\"dateModified\":\"2021-02-22T06:40:34+00:00\",\"breadcrumb\":{\"@id\":\"https:\/\/berdemozes.ro\/index.php\/online-oktatas\/#breadcrumb\"},\"inLanguage\":\"hu\",\"potentialAction\":[{\"@type\":\"ReadAction\",\"target\":[\"https:\/\/berdemozes.ro\/index.php\/online-oktatas\/\"]}]},{\"@type\":\"BreadcrumbList\",\"@id\":\"https:\/\/berdemozes.ro\/index.php\/online-oktatas\/#breadcrumb\",\"itemListElement\":[{\"@type\":\"ListItem\",\"position\":1,\"name\":\"Home\",\"item\":\"https:\/\/berdemozes.ro\/\"},{\"@type\":\"ListItem\",\"position\":2,\"name\":\"Online oktat\u00e1s\"}]},{\"@type\":\"WebSite\",\"@id\":\"https:\/\/berdemozes.ro\/#website\",\"url\":\"https:\/\/berdemozes.ro\/\",\"name\":\"Berde M\u00f3zes Unit\u00e1rius Gimn\u00e1zium\",\"description\":\"A sz\u00e9kelykereszt\u00fari Berde M\u00f3zes Unit\u00e1rius Gimn\u00e1zium weboldala.\",\"publisher\":{\"@id\":\"https:\/\/berdemozes.ro\/#organization\"},\"potentialAction\":[{\"@type\":\"SearchAction\",\"target\":{\"@type\":\"EntryPoint\",\"urlTemplate\":\"https:\/\/berdemozes.ro\/?s={search_term_string}\"},\"query-input\":\"required name=search_term_string\"}],\"inLanguage\":\"hu\"},{\"@type\":\"Organization\",\"@id\":\"https:\/\/berdemozes.ro\/#organization\",\"name\":\"Berde M\u00f3zes Unit\u00e1rius Gimn\u00e1zium\",\"url\":\"https:\/\/berdemozes.ro\/\",\"logo\":{\"@type\":\"ImageObject\",\"inLanguage\":\"hu\",\"@id\":\"https:\/\/berdemozes.ro\/#\/schema\/logo\/image\/\",\"url\":\"https:\/\/berdemozes.ro\/wp-content\/uploads\/2020\/11\/cropped-HEADER-LOGO-2-1.png\",\"contentUrl\":\"https:\/\/berdemozes.ro\/wp-content\/uploads\/2020\/11\/cropped-HEADER-LOGO-2-1.png\",\"width\":213,\"height\":48,\"caption\":\"Berde M\u00f3zes Unit\u00e1rius Gimn\u00e1zium\"},\"image\":{\"@id\":\"https:\/\/berdemozes.ro\/#\/schema\/logo\/image\/\"},\"sameAs\":[\"https:\/\/www.facebook.com\/bmugim\"]}]}<\/script>\n<!-- \/ Yoast SEO plugin. -->","yoast_head_json":{"title":"Online oktat\u00e1s - Berde M\u00f3zes Unit\u00e1rius Gimn\u00e1zium","robots":{"index":"noindex","follow":"follow","max-snippet":"max-snippet:-1","max-image-preview":"max-image-preview:large","max-video-preview":"max-video-preview:-1"},"og_locale":"hu_HU","og_type":"article","og_title":"Online oktat\u00e1s - Berde M\u00f3zes Unit\u00e1rius Gimn\u00e1zium","og_description":"A Berde M\u00f3zes Unit\u00e1rius Gimn\u00e1zium a Covid-19 \u00e1ltal okozott t\u00e1rsadalmi korl\u00e1toz\u00e1sok k\u00e9nyszere alatt az online iskolai oktat\u00e1st m\u00e1s Hargita megyei iskol\u00e1khoz hasonl\u00f3an a GSuite platformon szervezte meg. Viszonylag r\u00f6vid id\u0151n ...","og_url":"https:\/\/berdemozes.ro\/index.php\/online-oktatas\/","og_site_name":"Berde M\u00f3zes Unit\u00e1rius Gimn\u00e1zium","article_publisher":"https:\/\/www.facebook.com\/bmugim","article_modified_time":"2021-02-22T06:40:34+00:00","og_image":[{"url":"http:\/\/berdemozes.ro\/wp-content\/uploads\/2021\/02\/GSuite-1024x530.jpg"}],"twitter_card":"summary_large_image","twitter_misc":{"Becs\u00fclt olvas\u00e1si id\u0151":"2 perc"},"schema":{"@context":"https:\/\/schema.org","@graph":[{"@type":"WebPage","@id":"https:\/\/berdemozes.ro\/index.php\/online-oktatas\/","url":"https:\/\/berdemozes.ro\/index.php\/online-oktatas\/","name":"Online oktat\u00e1s - Berde M\u00f3zes Unit\u00e1rius Gimn\u00e1zium","isPartOf":{"@id":"https:\/\/berdemozes.ro\/#website"},"datePublished":"2021-02-14T09:31:30+00:00","dateModified":"2021-02-22T06:40:34+00:00","breadcrumb":{"@id":"https:\/\/berdemozes.ro\/index.php\/online-oktatas\/#breadcrumb"},"inLanguage":"hu","potentialAction":[{"@type":"ReadAction","target":["https:\/\/berdemozes.ro\/index.php\/online-oktatas\/"]}]},{"@type":"BreadcrumbList","@id":"https:\/\/berdemozes.ro\/index.php\/online-oktatas\/#breadcrumb","itemListElement":[{"@type":"ListItem","position":1,"name":"Home","item":"https:\/\/berdemozes.ro\/"},{"@type":"ListItem","position":2,"name":"Online oktat\u00e1s"}]},{"@type":"WebSite","@id":"https:\/\/berdemozes.ro\/#website","url":"https:\/\/berdemozes.ro\/","name":"Berde M\u00f3zes Unit\u00e1rius Gimn\u00e1zium","description":"A sz\u00e9kelykereszt\u00fari Berde M\u00f3zes Unit\u00e1rius Gimn\u00e1zium weboldala.","publisher":{"@id":"https:\/\/berdemozes.ro\/#organization"},"potentialAction":[{"@type":"SearchAction","target":{"@type":"EntryPoint","urlTemplate":"https:\/\/berdemozes.ro\/?s={search_term_string}"},"query-input":"required name=search_term_string"}],"inLanguage":"hu"},{"@type":"Organization","@id":"https:\/\/berdemozes.ro\/#organization","name":"Berde M\u00f3zes Unit\u00e1rius Gimn\u00e1zium","url":"https:\/\/berdemozes.ro\/","logo":{"@type":"ImageObject","inLanguage":"hu","@id":"https:\/\/berdemozes.ro\/#\/schema\/logo\/image\/","url":"https:\/\/berdemozes.ro\/wp-content\/uploads\/2020\/11\/cropped-HEADER-LOGO-2-1.png","contentUrl":"https:\/\/berdemozes.ro\/wp-content\/uploads\/2020\/11\/cropped-HEADER-LOGO-2-1.png","width":213,"height":48,"caption":"Berde M\u00f3zes Unit\u00e1rius Gimn\u00e1zium"},"image":{"@id":"https:\/\/berdemozes.ro\/#\/schema\/logo\/image\/"},"sameAs":["https:\/\/www.facebook.com\/bmugim"]}]}},"jetpack_sharing_enabled":true,"_links":{"self":[{"href":"https:\/\/berdemozes.ro\/index.php\/wp-json\/wp\/v2\/pages\/2719"}],"collection":[{"href":"https:\/\/berdemozes.ro\/index.php\/wp-json\/wp\/v2\/pages"}],"about":[{"href":"https:\/\/berdemozes.ro\/index.php\/wp-json\/wp\/v2\/types\/page"}],"author":[{"embeddable":true,"href":"https:\/\/berdemozes.ro\/index.php\/wp-json\/wp\/v2\/users\/1"}],"replies":[{"embeddable":true,"href":"https:\/\/berdemozes.ro\/index.php\/wp-json\/wp\/v2\/comments?post=2719"}],"version-history":[{"count":9,"href":"https:\/\/berdemozes.ro\/index.php\/wp-json\/wp\/v2\/pages\/2719\/revisions"}],"predecessor-version":[{"id":3138,"href":"https:\/\/berdemozes.ro\/index.php\/wp-json\/wp\/v2\/pages\/2719\/revisions\/3138"}],"wp:attachment":[{"href":"https:\/\/berdemozes.ro\/index.php\/wp-json\/wp\/v2\/media?parent=2719"}],"curies":[{"name":"wp","href":"https:\/\/api.w.org\/{rel}","templated":true}]}}