{"id":74,"date":"2020-11-10T14:44:51","date_gmt":"2020-11-10T14:44:51","guid":{"rendered":"https:\/\/berdemozes.ro\/?page_id=74"},"modified":"2021-02-22T06:25:26","modified_gmt":"2021-02-22T06:25:26","slug":"iskolatortenet","status":"publish","type":"page","link":"https:\/\/berdemozes.ro\/index.php\/iskolatortenet\/","title":{"rendered":"Iskolat\u00f6rt\u00e9net"},"content":{"rendered":"\n<figure class=\"wp-block-image size-large\"><img fetchpriority=\"high\" decoding=\"async\" width=\"984\" height=\"197\" src=\"http:\/\/berdemozes.ro\/wp-content\/uploads\/2021\/02\/banner_keresztur2-page-kicsi.jpg\" alt=\"\" class=\"wp-image-3134\" srcset=\"https:\/\/berdemozes.ro\/wp-content\/uploads\/2021\/02\/banner_keresztur2-page-kicsi.jpg 984w, https:\/\/berdemozes.ro\/wp-content\/uploads\/2021\/02\/banner_keresztur2-page-kicsi-300x60.jpg 300w, https:\/\/berdemozes.ro\/wp-content\/uploads\/2021\/02\/banner_keresztur2-page-kicsi-768x154.jpg 768w\" sizes=\"(max-width: 984px) 100vw, 984px\" \/><\/figure>\n\n\n\n<p class=\"has-text-align-center\"><strong>\u201eMusis et virtutibus\u201d<\/strong><\/p>\n\n\n\n<p class=\"has-text-align-center\"><strong>A sz\u00e9kelykereszt\u00fari Berde M\u00f3zes Unit\u00e1rius Gimn\u00e1zium r\u00f6vid t\u00f6rt\u00e9neti \u00e1ttekint\u00e9se<\/strong><\/p>\n\n\n\n<p>Egy 1568-ban kelt dedik\u00e1ci\u00f3b\u00f3l kit\u0171nik, hogy m\u00e1r l\u00e9tez\u0151 unit\u00e1rius iskola mestere Szemerjai Bora Andr\u00e1s, azonban ezen iskola m\u0171k\u00f6d\u00e9s\u00e9nek id\u0151tartam\u00e1r\u00f3l nincs t\u00f6bb adatunk.<\/p>\n\n\n\n<p>A Sz\u00e9kelykereszt\u00fari Unit\u00e1rius Gimn\u00e1zium fel\u00e1ll\u00edt\u00e1s\u00e1nak gondolata a XVIII. sz\u00e1zad elej\u00e9n mer\u00fcl fel \u00fajra, amikor Homor\u00f3dszentm\u00e1rtoni B\u00edr\u00f3 S\u00e1muel, az unit\u00e1riusok els\u0151 f\u0151gondnoka, 1712-ben levelet \u00edrt a kolozsv\u00e1ri ekl\u00e9zsi\u00e1hoz, melyben felvetette a Sz\u00e9kelykereszt\u00faron l\u00e9trehozand\u00f3 iskola \u00e9p\u00edt\u00e9s\u00e9nek gondolat\u00e1t. Az iskola elind\u00edt\u00e1sa azonban nem siker\u00fclt a Habsburg-uralom unit\u00e1riusokkal szembeni ellens\u00e9ges magatart\u00e1sa miatt.<\/p>\n\n\n\n<figure class=\"wp-block-image size-large\"><img decoding=\"async\" width=\"1024\" height=\"281\" src=\"http:\/\/berdemozes.ro\/wp-content\/uploads\/2021\/02\/osszeallitas-4-1024x281.jpg\" alt=\"\" class=\"wp-image-2927\" srcset=\"https:\/\/berdemozes.ro\/wp-content\/uploads\/2021\/02\/osszeallitas-4-1024x281.jpg 1024w, https:\/\/berdemozes.ro\/wp-content\/uploads\/2021\/02\/osszeallitas-4-300x82.jpg 300w, https:\/\/berdemozes.ro\/wp-content\/uploads\/2021\/02\/osszeallitas-4-768x211.jpg 768w, https:\/\/berdemozes.ro\/wp-content\/uploads\/2021\/02\/osszeallitas-4-1536x421.jpg 1536w, https:\/\/berdemozes.ro\/wp-content\/uploads\/2021\/02\/osszeallitas-4.jpg 1638w\" sizes=\"(max-width: 1024px) 100vw, 1024px\" \/><\/figure>\n\n\n\n<p>1793-ban a homor\u00f3dalm\u00e1si zsinat j\u00falius 10-\u00e9n j\u00f3v\u00e1hagyta a gimn\u00e1zium \u00e9p\u00edt\u00e9s\u00e9t: \u201enemes Kereszt\u00farfisz\u00e9kben, a Sz\u00e9kely-Kereszt\u00fari unit\u00e1rius ekkl\u00e9zsi\u00e1ban min\u00e9l hamarabb egy olyan unit\u00e1rius gymnasium \u00e1ll\u00edttass\u00e9k fel, melyben az ifj\u00fas\u00e1g avagy csak a rhetorik\u00e1ig tan\u00edttass\u00e9k\u2026\u201d<\/p>\n\n\n\n<figure class=\"wp-block-image size-large is-resized\"><img decoding=\"async\" src=\"http:\/\/berdemozes.ro\/wp-content\/uploads\/2021\/01\/epuleteink-8-1024x753.jpg\" alt=\"\" class=\"wp-image-2642\" width=\"405\" height=\"297\" srcset=\"https:\/\/berdemozes.ro\/wp-content\/uploads\/2021\/01\/epuleteink-8-1024x753.jpg 1024w, https:\/\/berdemozes.ro\/wp-content\/uploads\/2021\/01\/epuleteink-8-300x221.jpg 300w, https:\/\/berdemozes.ro\/wp-content\/uploads\/2021\/01\/epuleteink-8-768x565.jpg 768w, https:\/\/berdemozes.ro\/wp-content\/uploads\/2021\/01\/epuleteink-8-1536x1130.jpg 1536w, https:\/\/berdemozes.ro\/wp-content\/uploads\/2021\/01\/epuleteink-8-2048x1507.jpg 2048w\" sizes=\"(max-width: 405px) 100vw, 405px\" \/><figcaption>1800 k\u00f6r\u00fcl<\/figcaption><\/figure>\n\n\n\n<p>Az iskola\u00e9p\u00edt\u00e9s els\u0151 korszaka Abdrudb\u00e1nyai Szab\u00f3 S\u00e1muel, az iskola els\u0151 igazgat\u00f3j\u00e1nak nev\u00e9hez f\u0171z\u0151dik. Igaz, a munka nem haladt k\u00f6nnyen. M\u00e9gis, 1796-ra elk\u00e9sz\u00fclt az els\u0151 n\u00e9gy szoba vessz\u0151b\u0151l \u00e9s s\u00e1rb\u00f3l, majd 1798-ig \u00f6sszesen 10 szoba, melyeknek k\u00fcl\u00f6n nevei is voltak. 1805-ben kezd\u0151d\u00f6tt meg a gimn\u00e1zium jelenleg is megl\u00e9v\u0151, r\u00e9gi \u00e9p\u00fclet\u00e9nek meg\u00e9p\u00edt\u00e9se k\u0151b\u0151l.<\/p>\n\n\n\n<p>1841-ben a korondi zsinaton elfogadott, Brassai S\u00e1muel \u00e1ltal javasolt oktat\u00e1si reformnak k\u00f6sz\u00f6nhet\u0151en iskol\u00e1nkban is anyanyelven folyt a tan\u00edt\u00e1s.<\/p>\n\n\n\n<p>Az iskola m\u00fck\u00f6d\u00e9se meg\u00e1llott az 1848\/1849-es forradalom \u00e9s szabads\u00e1gharc idej\u00e9n, a di\u00e1kok honv\u00e9dk\u00e9nt harcoltak Bem sereg\u00e9ben. A forradalom vezet\u0151i k\u00f6zt ugyancsak megtal\u00e1ljuk iskol\u00e1nk egykori di\u00e1kjait, Berde M\u00f3zest \u00e9s Jakab Eleket. A forradalom \u00e9s szabads\u00e1gharc ut\u00e1n a tan\u00edt\u00e1s 1850. november 1-\u00e9n kezdod\u00f6tt el 88 tanul\u00f3val. Az osztr\u00e1k abszolutizmus az unit\u00e1rius iskol\u00e1nkba is a n\u00e9met gimn\u00e1ziumi rendszert parancsolta.<\/p>\n\n\n\n<p>1857-1876 k\u00f6z\u00f6tt kib\u0151v\u00edtett\u00e9k az iskola \u00e9p\u00fclet\u00e9t.<\/p>\n\n\n\n<figure class=\"wp-block-image size-large is-resized\"><img loading=\"lazy\" decoding=\"async\" src=\"http:\/\/berdemozes.ro\/wp-content\/uploads\/2021\/01\/epuleteink-11-706x1024.jpg\" alt=\"\" class=\"wp-image-2645\" width=\"240\" height=\"348\" srcset=\"https:\/\/berdemozes.ro\/wp-content\/uploads\/2021\/01\/epuleteink-11-706x1024.jpg 706w, https:\/\/berdemozes.ro\/wp-content\/uploads\/2021\/01\/epuleteink-11-207x300.jpg 207w, https:\/\/berdemozes.ro\/wp-content\/uploads\/2021\/01\/epuleteink-11-768x1114.jpg 768w, https:\/\/berdemozes.ro\/wp-content\/uploads\/2021\/01\/epuleteink-11-1059x1536.jpg 1059w, https:\/\/berdemozes.ro\/wp-content\/uploads\/2021\/01\/epuleteink-11-1412x2048.jpg 1412w, https:\/\/berdemozes.ro\/wp-content\/uploads\/2021\/01\/epuleteink-11-scaled.jpg 1765w\" sizes=\"(max-width: 240px) 100vw, 240px\" \/><figcaption>1864<\/figcaption><\/figure>\n\n\n\n<p>Tekintettel a gimn\u00e1zium saj\u00e1toss\u00e1g\u00e1ra, hogy Erd\u00e9ly eg\u00e9sz ter\u00fclet\u00e9r\u0151l iskol\u00e1zta be di\u00e1kjait, a XX. sz\u00e1zad elej\u00e9n m\u00e1r t\u00falzs\u00fafoltt\u00e1 lett a gimn\u00e1ziumi \u00e9p\u00fclet, \u00edgy elhat\u00e1rozt\u00e1k egy \u00faj \u00e9p\u00fclet fel\u00e9p\u00edt\u00e9s\u00e9t, mik\u00f6zben igyekeztek az iskol\u00e1t f\u0151gimn\u00e1ziumm\u00e1 fejleszteni. \u00cdgy a f\u0151hat\u00f3s\u00e1g 1912-ben 35 000 koron\u00e1val megv\u00e1s\u00e1rolta a gimn\u00e1zium t\u0151szomsz\u00e9ds\u00e1g\u00e1ban levo 3 hold 1084 n\u00e9gysz\u00f6g\u00f6l ter\u00fcletet, majd p\u00e1ly\u00e1zatot hirdetett az \u00faj iskola fel\u00e9p\u00edt\u00e9s\u00e9re. Pap M\u00f3zes igazgat\u00f3 idej\u00e9ben k\u00e9t \u00e9v alatt k\u00e9sz\u00fclt el az \u00faj \u00e9p\u00fclet P\u00e1kei Lajos tervei alapj\u00e1n.<\/p>\n\n\n\n<figure class=\"wp-block-image size-large is-resized\"><img loading=\"lazy\" decoding=\"async\" src=\"http:\/\/berdemozes.ro\/wp-content\/uploads\/2021\/02\/tanari-1024x838.jpg\" alt=\"\" class=\"wp-image-2933\" width=\"459\" height=\"375\" srcset=\"https:\/\/berdemozes.ro\/wp-content\/uploads\/2021\/02\/tanari-1024x838.jpg 1024w, https:\/\/berdemozes.ro\/wp-content\/uploads\/2021\/02\/tanari-300x245.jpg 300w, https:\/\/berdemozes.ro\/wp-content\/uploads\/2021\/02\/tanari-768x628.jpg 768w, https:\/\/berdemozes.ro\/wp-content\/uploads\/2021\/02\/tanari-1536x1257.jpg 1536w, https:\/\/berdemozes.ro\/wp-content\/uploads\/2021\/02\/tanari-2048x1676.jpg 2048w\" sizes=\"(max-width: 459px) 100vw, 459px\" \/><figcaption>1910-1940<\/figcaption><\/figure>\n\n\n\n<p>Az 1915\/1916-os iskolai \u00e9vt\u0151l kezd\u0151d\u0151en az iskola 8 oszt\u00e1llyal m\u00fck\u00f6d\u0151 F\u0151gimn\u00e1zium lett \u00e9s megszervezt\u00e9k az els\u0151 \u00e9retts\u00e9gi vizsg\u00e1t.<\/p>\n\n\n\n<figure class=\"wp-block-image size-large is-resized\"><img loading=\"lazy\" decoding=\"async\" src=\"http:\/\/berdemozes.ro\/wp-content\/uploads\/2021\/02\/Plexi-14-1024x819.jpg\" alt=\"\" class=\"wp-image-2934\" width=\"398\" height=\"317\" srcset=\"https:\/\/berdemozes.ro\/wp-content\/uploads\/2021\/02\/Plexi-14-1024x819.jpg 1024w, https:\/\/berdemozes.ro\/wp-content\/uploads\/2021\/02\/Plexi-14-300x240.jpg 300w, https:\/\/berdemozes.ro\/wp-content\/uploads\/2021\/02\/Plexi-14-768x614.jpg 768w, https:\/\/berdemozes.ro\/wp-content\/uploads\/2021\/02\/Plexi-14-1536x1229.jpg 1536w, https:\/\/berdemozes.ro\/wp-content\/uploads\/2021\/02\/Plexi-14-2048x1638.jpg 2048w\" sizes=\"(max-width: 398px) 100vw, 398px\" \/><figcaption>B\u00e1r\u00f3 Orb\u00e1n Bal\u00e1zs \u00e9s B\u00e1r\u00f3 Daniel G\u00e1bor<\/figcaption><\/figure>\n\n\n\n<p>1940-1948 k\u00f6z\u00f6tt az iskola a \u201eB\u00e1r\u00f3 Orb\u00e1n Bal\u00e1zs Unit\u00e1rius F\u0151gimn\u00e1zium\u201d nevet viselte.<\/p>\n\n\n\n<p>1948-ban a \u201etan\u00fcgyi reform\u201d k\u00f6vetkezt\u00e9ben a kommunista \u00e1llamhatalom bez\u00e1ratta az iskol\u00e1t, az \u00e9p\u00fcletet \u00e1llamos\u00edtotta \u00e9s a Gimn\u00e1zium rendk\u00edv\u00fcli \u00e9rt\u00e9k\u0171 k\u00f6nyvt\u00e1r\u00e1t elhurcolta.<\/p>\n\n\n\n<figure class=\"wp-block-image size-large is-resized\"><img loading=\"lazy\" decoding=\"async\" src=\"http:\/\/berdemozes.ro\/wp-content\/uploads\/2021\/02\/Plexi-15-1024x819.jpg\" alt=\"\" class=\"wp-image-2935\" width=\"379\" height=\"302\" srcset=\"https:\/\/berdemozes.ro\/wp-content\/uploads\/2021\/02\/Plexi-15-1024x819.jpg 1024w, https:\/\/berdemozes.ro\/wp-content\/uploads\/2021\/02\/Plexi-15-300x240.jpg 300w, https:\/\/berdemozes.ro\/wp-content\/uploads\/2021\/02\/Plexi-15-768x615.jpg 768w, https:\/\/berdemozes.ro\/wp-content\/uploads\/2021\/02\/Plexi-15-1536x1229.jpg 1536w, https:\/\/berdemozes.ro\/wp-content\/uploads\/2021\/02\/Plexi-15-2048x1639.jpg 2048w\" sizes=\"(max-width: 379px) 100vw, 379px\" \/><figcaption>Jakab Elek \u00e9s Kriza J\u00e1nos<\/figcaption><\/figure>\n\n\n\n<p>Az Unit\u00e1rius Egyh\u00e1z 1992. december 2-3-\u00e1n Magyars\u00e1roson tartott Zsinati F\u0151tan\u00e1csa elhat\u00e1rozta, hogy az 1993\/1994-es tan\u00e9vt\u0151l kezd\u0151d\u0151en \u00fajraind\u00edtja az 1948-ban \u00f6nk\u00e9nyesen bez\u00e1ratott iskol\u00e1it, \u00edgy az eml\u00edtett tan\u00e9vt\u0151l kezd\u0151d\u0151en \u00fajj\u00e1alakult a sz\u00e9kelykereszt\u00fari Unit\u00e1rius Gimn\u00e1zium, Fekete J\u00e1nos iskolaigazgat\u00f3 ir\u00e1ny\u00edt\u00e1sa alatt. A kezdetben csak l\u00edceumi oszt\u00e1lyokb\u00f3l \u00e1ll\u00f3 iskola fokozatosan \u00e9p\u00edtkezett, \u00edgy m\u00e1ra az \u00f3vodai szintt\u0151l l\u00edceumi szintig fogadja az itt tanulni sz\u00e1nd\u00e9koz\u00f3 di\u00e1kokat.<\/p>\n\n\n\n<figure class=\"wp-block-image size-large is-resized\"><img loading=\"lazy\" decoding=\"async\" src=\"http:\/\/berdemozes.ro\/wp-content\/uploads\/2021\/02\/Plexi-16-1024x819.jpg\" alt=\"\" class=\"wp-image-2936\" width=\"387\" height=\"309\" srcset=\"https:\/\/berdemozes.ro\/wp-content\/uploads\/2021\/02\/Plexi-16-1024x819.jpg 1024w, https:\/\/berdemozes.ro\/wp-content\/uploads\/2021\/02\/Plexi-16-300x240.jpg 300w, https:\/\/berdemozes.ro\/wp-content\/uploads\/2021\/02\/Plexi-16-768x614.jpg 768w, https:\/\/berdemozes.ro\/wp-content\/uploads\/2021\/02\/Plexi-16-1536x1229.jpg 1536w, https:\/\/berdemozes.ro\/wp-content\/uploads\/2021\/02\/Plexi-16-2048x1638.jpg 2048w\" sizes=\"(max-width: 387px) 100vw, 387px\" \/><figcaption>S\u00e1ndor J\u00e1nos \u00e9s Bal\u00e1zs Ferenc<\/figcaption><\/figure>\n\n\n\n<p>2003-t\u00f3l kezd\u0151d\u0151en az iskola igazgat\u00f3ja Varr\u00f3 Margit lett, akinek igazgat\u00f3s\u00e1ga idej\u00e9n az iskola kialak\u00edtotta a saj\u00e1t tan\u00e1ri kar\u00e1t, valamint 2005 janu\u00e1r 1-t\u0151l \u00f6n\u00e1ll\u00f3 jogi szem\u00e9lyis\u00e9gi st\u00e1tuszt kapott.<\/p>\n\n\n\n<p>2004. \u00e1prilis\u00e1ban \u00e9s j\u00falius\u00e1ban az Erd\u00e9lyi Unit\u00e1rius Egyh\u00e1z visszakapta \u00e9s tulajdon\u00e1ba vehette az egykor \u00f6nk\u00e9nyesen elvett \u00e9p\u00fcleteit, \u00edgy az Unit\u00e1rius Gimn\u00e1zium saj\u00e1t \u00e9p\u00fcleteiben m\u00fck\u00f6dhet tov\u00e1bb, igyekezv\u00e9n mindig megfelelni az el\u0151d\u00f6k \u00e1ltal meg\u00e1llap\u00edtott jelmondatnak: \u201eMusis et virtutibus\u201d \u2013 \u201eEgy v\u00e9ka tudom\u00e1ny mell\u00e9 egy k\u00f6b\u00f6l erk\u00f6lcs\u00f6t.\u201d<\/p>\n\n\n\n<p>2006-ban az iskola megpr\u00f3b\u00e1lta \u00fajb\u00f3l felvenni a \u201eB\u00e1r\u00f3 Orb\u00e1n Bal\u00e1zs Unit\u00e1rius Gimn\u00e1zium\u201d nevet, de a hivatalos \u00e1llami hat\u00f3s\u00e1g ezt nem enged\u00e9lyezte, arra hivatkozva, hogy a v\u00e1rosban m\u00e1r m\u0171k\u00f6dik egy, az Orb\u00e1n Bal\u00e1zs nev\u00e9t visel\u0151 tanint\u00e9zm\u00e9ny. Ennek t\u00fckr\u00e9ben, 2006. december 21-\u00e9n az iskola Vezet\u0151tan\u00e1csa megszavazta a Berde M\u00f3zes Unit\u00e1rius Gimn\u00e1zium n\u00e9v felv\u00e9tel\u00e9t, \u00edgy pr\u00f3b\u00e1lva m\u00e9lt\u00f3 eml\u00e9ket \u00e1ll\u00edtani annak, aki egykori di\u00e1kk\u00e9nt \u00e9let\u00e9vel \u00e9s adom\u00e1ny\u00e1val ki\u00e9rdemelte \u201eaz unit\u00e1rius j\u00f3tev\u0151k fejedelme\u201d c\u00edmet. A n\u00e9vad\u00f3 \u00fcnneps\u00e9gre 2008. m\u00e1jus 17-\u00e9n&nbsp;ker\u00fclt sor, mely alkalomra meg\u00fajult a f\u0151\u00e9p\u00fclet frontja \u00e9s megjelent a Berde M\u00f3zes Unit\u00e1rius Gimn\u00e1zium felirat az \u00e9p\u00fclet homlokzat\u00e1n.<\/p>\n\n\n\n<p>2007. nyar\u00e1n az iskola visszakapta a bentlak\u00e1s \u00e9s \u00e9tkezde m\u0171k\u00f6dtet\u00e9s\u00e9nek jog\u00e1t \u00e9s egy hatalmas feljav\u00edt\u00e1si munk\u00e1latot k\u00f6vet\u0151en a 2007\/2008-as tan\u00e9vet m\u00e1r a saj\u00e1t bentlak\u00e1sunkban kezdhett\u00e9k meg tanul\u00f3ink.<\/p>\n\n\n\n<p>2010-ben megalakult iskol\u00e1nk di\u00e1kjaib\u00f3l a Vadr\u00f3zs\u00e1k N\u00e9pt\u00e1nccsoport.<\/p>\n\n\n\n<figure class=\"wp-block-image size-large is-resized\"><img loading=\"lazy\" decoding=\"async\" src=\"http:\/\/berdemozes.ro\/wp-content\/uploads\/2021\/01\/epuleteink-7-1024x1024.jpg\" alt=\"\" class=\"wp-image-2641\" width=\"390\" height=\"390\" srcset=\"https:\/\/berdemozes.ro\/wp-content\/uploads\/2021\/01\/epuleteink-7-1024x1024.jpg 1024w, https:\/\/berdemozes.ro\/wp-content\/uploads\/2021\/01\/epuleteink-7-300x300.jpg 300w, https:\/\/berdemozes.ro\/wp-content\/uploads\/2021\/01\/epuleteink-7-150x150.jpg 150w, https:\/\/berdemozes.ro\/wp-content\/uploads\/2021\/01\/epuleteink-7-768x768.jpg 768w, https:\/\/berdemozes.ro\/wp-content\/uploads\/2021\/01\/epuleteink-7-1536x1536.jpg 1536w, https:\/\/berdemozes.ro\/wp-content\/uploads\/2021\/01\/epuleteink-7-2048x2048.jpg 2048w\" sizes=\"(max-width: 390px) 100vw, 390px\" \/><figcaption>2014-ben \u00fcnnepelt\u00fck a P\u00e1kei-f\u00e9le \u00e9p\u00fclet 100. \u00e9vfordul\u00f3j\u00e1t<\/figcaption><\/figure>\n\n\n\n<p>2016. december\u00e9ben Magyarorsz\u00e1g Korm\u00e1nya\u00a0egy sikeres p\u00e1ly\u00e1zati proced\u00fara eredm\u00e9nyek\u00e9nt 74 milli\u00f3 forinttal t\u00e1mogatta a Berde M\u00f3zes Unit\u00e1rius Gimn\u00e1zium fejleszt\u00e9si terveit.\u00a0\u00a0A nagy horderej\u0171 projektnek t\u00f6bb c\u00e9lkit\u0171z\u00e9se volt: a sz\u00e9kelykereszt\u00fari Berde M\u00f3zes Unit\u00e1rius Gimn\u00e1zium elemi oszt\u00e1lyainak, bentlak\u00e1s\u00e1nak \u00e9s \u00e9tkezd\u00e9j\u00e9nek helyet ad\u00f3 \u00e9p\u00fclet h\u0151k\u00f6zpontj\u00e1nak \u00e9s ablakainak cser\u00e9je, valamint a gimn\u00e1zium \u00fajabb \u00e9p\u00fclet\u00e9nek udvar\u00e1n l\u00e9v\u0151 sportp\u00e1ly\u00e1k kialak\u00edt\u00e1sa. 2018. szeptember\u00e9ben a sportp\u00e1lya \u00e1tad\u00e1sa megt\u00f6rt\u00e9nt.<\/p>\n\n\n\n<figure class=\"wp-block-image size-large is-resized\"><img loading=\"lazy\" decoding=\"async\" src=\"http:\/\/berdemozes.ro\/wp-content\/uploads\/2020\/11\/slider-3-1024x683.jpg\" alt=\"\" class=\"wp-image-254\" width=\"492\" height=\"327\" srcset=\"https:\/\/berdemozes.ro\/wp-content\/uploads\/2020\/11\/slider-3-1024x683.jpg 1024w, https:\/\/berdemozes.ro\/wp-content\/uploads\/2020\/11\/slider-3-scaled-600x400.jpg 600w, https:\/\/berdemozes.ro\/wp-content\/uploads\/2020\/11\/slider-3-300x200.jpg 300w, https:\/\/berdemozes.ro\/wp-content\/uploads\/2020\/11\/slider-3-768x512.jpg 768w, https:\/\/berdemozes.ro\/wp-content\/uploads\/2020\/11\/slider-3-1536x1024.jpg 1536w, https:\/\/berdemozes.ro\/wp-content\/uploads\/2020\/11\/slider-3-2048x1365.jpg 2048w\" sizes=\"(max-width: 492px) 100vw, 492px\" \/><figcaption>2016-ban m\u0171f\u00fcves p\u00e1lya \u00e9p\u00fclt<\/figcaption><\/figure>\n\n\n\n<figure class=\"wp-block-image size-large is-resized\"><img loading=\"lazy\" decoding=\"async\" src=\"http:\/\/berdemozes.ro\/wp-content\/uploads\/2021\/02\/mesh_keresztur9-page-kicsi.jpg\" alt=\"\" class=\"wp-image-3133\" width=\"472\" height=\"157\" srcset=\"https:\/\/berdemozes.ro\/wp-content\/uploads\/2021\/02\/mesh_keresztur9-page-kicsi.jpg 787w, https:\/\/berdemozes.ro\/wp-content\/uploads\/2021\/02\/mesh_keresztur9-page-kicsi-300x100.jpg 300w, https:\/\/berdemozes.ro\/wp-content\/uploads\/2021\/02\/mesh_keresztur9-page-kicsi-768x257.jpg 768w\" sizes=\"(max-width: 472px) 100vw, 472px\" \/><figcaption>2018-ban h\u00e1rmas \u00e9vfordul\u00f3t \u00fcnnepelt\u00fcnk<\/figcaption><\/figure>\n\n\n\n<p>&nbsp;2020-ban a Magyar Korm\u00e1ny \u00f3voda \u00e9s b\u00f6lcs\u0151de fejleszt\u00e9si programj\u00e1nak k\u00f6sz\u00f6nhet\u0151en \u00f3vod\u00e1s gyermekeink m\u00e1r a legmagasabb standardok szerint l\u00e9trehozott \u00faj ingatlanban kezdhett\u00e9k meg napk\u00f6zis programjukat.<\/p>\n\n\n\n<figure class=\"wp-block-image size-large is-resized\"><img loading=\"lazy\" decoding=\"async\" src=\"http:\/\/berdemozes.ro\/wp-content\/uploads\/2021\/01\/epuleteink-5-1024x683.jpg\" alt=\"\" class=\"wp-image-2639\" width=\"495\" height=\"329\" srcset=\"https:\/\/berdemozes.ro\/wp-content\/uploads\/2021\/01\/epuleteink-5-1024x683.jpg 1024w, https:\/\/berdemozes.ro\/wp-content\/uploads\/2021\/01\/epuleteink-5-300x200.jpg 300w, https:\/\/berdemozes.ro\/wp-content\/uploads\/2021\/01\/epuleteink-5-768x512.jpg 768w, https:\/\/berdemozes.ro\/wp-content\/uploads\/2021\/01\/epuleteink-5-1536x1024.jpg 1536w, https:\/\/berdemozes.ro\/wp-content\/uploads\/2021\/01\/epuleteink-5-2048x1365.jpg 2048w\" sizes=\"(max-width: 495px) 100vw, 495px\" \/><figcaption>2020<\/figcaption><\/figure>\n","protected":false},"excerpt":{"rendered":"<p>\u201eMusis et virtutibus\u201d A sz\u00e9kelykereszt\u00fari Berde M\u00f3zes Unit\u00e1rius Gimn\u00e1zium r\u00f6vid t\u00f6rt\u00e9neti \u00e1ttekint\u00e9se Egy 1568-ban kelt dedik\u00e1ci\u00f3b\u00f3l kit\u0171nik, hogy m\u00e1r l\u00e9tez\u0151 unit\u00e1rius iskola mestere Szemerjai Bora Andr\u00e1s, azonban ezen iskola m\u0171k\u00f6d\u00e9s\u00e9nek &#8230;<\/p>\n","protected":false},"author":1,"featured_media":0,"parent":0,"menu_order":0,"comment_status":"closed","ping_status":"closed","template":"","meta":{"footnotes":""},"yoast_head":"<!-- This site is optimized with the Yoast SEO plugin v21.9.1 - https:\/\/yoast.com\/wordpress\/plugins\/seo\/ -->\n<title>Iskolat\u00f6rt\u00e9net - Berde M\u00f3zes Unit\u00e1rius Gimn\u00e1zium<\/title>\n<meta name=\"robots\" content=\"noindex, follow, max-snippet:-1, max-image-preview:large, max-video-preview:-1\" \/>\n<meta property=\"og:locale\" content=\"hu_HU\" \/>\n<meta property=\"og:type\" content=\"article\" \/>\n<meta property=\"og:title\" content=\"Iskolat\u00f6rt\u00e9net - Berde M\u00f3zes Unit\u00e1rius Gimn\u00e1zium\" \/>\n<meta property=\"og:description\" content=\"\u201eMusis et virtutibus\u201d A sz\u00e9kelykereszt\u00fari Berde M\u00f3zes Unit\u00e1rius Gimn\u00e1zium r\u00f6vid t\u00f6rt\u00e9neti \u00e1ttekint\u00e9se Egy 1568-ban kelt dedik\u00e1ci\u00f3b\u00f3l kit\u0171nik, hogy m\u00e1r l\u00e9tez\u0151 unit\u00e1rius iskola mestere Szemerjai Bora Andr\u00e1s, azonban ezen iskola m\u0171k\u00f6d\u00e9s\u00e9nek ...\" \/>\n<meta property=\"og:url\" content=\"https:\/\/berdemozes.ro\/index.php\/iskolatortenet\/\" \/>\n<meta property=\"og:site_name\" content=\"Berde M\u00f3zes Unit\u00e1rius Gimn\u00e1zium\" \/>\n<meta property=\"article:publisher\" content=\"https:\/\/www.facebook.com\/bmugim\" \/>\n<meta property=\"article:modified_time\" content=\"2021-02-22T06:25:26+00:00\" \/>\n<meta property=\"og:image\" content=\"http:\/\/berdemozes.ro\/wp-content\/uploads\/2021\/02\/banner_keresztur2-page-kicsi.jpg\" \/>\n<meta name=\"twitter:card\" content=\"summary_large_image\" \/>\n<meta name=\"twitter:label1\" content=\"Becs\u00fclt olvas\u00e1si id\u0151\" \/>\n\t<meta name=\"twitter:data1\" content=\"6 perc\" \/>\n<script type=\"application\/ld+json\" class=\"yoast-schema-graph\">{\"@context\":\"https:\/\/schema.org\",\"@graph\":[{\"@type\":\"WebPage\",\"@id\":\"https:\/\/berdemozes.ro\/index.php\/iskolatortenet\/\",\"url\":\"https:\/\/berdemozes.ro\/index.php\/iskolatortenet\/\",\"name\":\"Iskolat\u00f6rt\u00e9net - Berde M\u00f3zes Unit\u00e1rius Gimn\u00e1zium\",\"isPartOf\":{\"@id\":\"https:\/\/berdemozes.ro\/#website\"},\"datePublished\":\"2020-11-10T14:44:51+00:00\",\"dateModified\":\"2021-02-22T06:25:26+00:00\",\"breadcrumb\":{\"@id\":\"https:\/\/berdemozes.ro\/index.php\/iskolatortenet\/#breadcrumb\"},\"inLanguage\":\"hu\",\"potentialAction\":[{\"@type\":\"ReadAction\",\"target\":[\"https:\/\/berdemozes.ro\/index.php\/iskolatortenet\/\"]}]},{\"@type\":\"BreadcrumbList\",\"@id\":\"https:\/\/berdemozes.ro\/index.php\/iskolatortenet\/#breadcrumb\",\"itemListElement\":[{\"@type\":\"ListItem\",\"position\":1,\"name\":\"Home\",\"item\":\"https:\/\/berdemozes.ro\/\"},{\"@type\":\"ListItem\",\"position\":2,\"name\":\"Iskolat\u00f6rt\u00e9net\"}]},{\"@type\":\"WebSite\",\"@id\":\"https:\/\/berdemozes.ro\/#website\",\"url\":\"https:\/\/berdemozes.ro\/\",\"name\":\"Berde M\u00f3zes Unit\u00e1rius Gimn\u00e1zium\",\"description\":\"A sz\u00e9kelykereszt\u00fari Berde M\u00f3zes Unit\u00e1rius Gimn\u00e1zium weboldala.\",\"publisher\":{\"@id\":\"https:\/\/berdemozes.ro\/#organization\"},\"potentialAction\":[{\"@type\":\"SearchAction\",\"target\":{\"@type\":\"EntryPoint\",\"urlTemplate\":\"https:\/\/berdemozes.ro\/?s={search_term_string}\"},\"query-input\":\"required name=search_term_string\"}],\"inLanguage\":\"hu\"},{\"@type\":\"Organization\",\"@id\":\"https:\/\/berdemozes.ro\/#organization\",\"name\":\"Berde M\u00f3zes Unit\u00e1rius Gimn\u00e1zium\",\"url\":\"https:\/\/berdemozes.ro\/\",\"logo\":{\"@type\":\"ImageObject\",\"inLanguage\":\"hu\",\"@id\":\"https:\/\/berdemozes.ro\/#\/schema\/logo\/image\/\",\"url\":\"https:\/\/berdemozes.ro\/wp-content\/uploads\/2020\/11\/cropped-HEADER-LOGO-2-1.png\",\"contentUrl\":\"https:\/\/berdemozes.ro\/wp-content\/uploads\/2020\/11\/cropped-HEADER-LOGO-2-1.png\",\"width\":213,\"height\":48,\"caption\":\"Berde M\u00f3zes Unit\u00e1rius Gimn\u00e1zium\"},\"image\":{\"@id\":\"https:\/\/berdemozes.ro\/#\/schema\/logo\/image\/\"},\"sameAs\":[\"https:\/\/www.facebook.com\/bmugim\"]}]}<\/script>\n<!-- \/ Yoast SEO plugin. -->","yoast_head_json":{"title":"Iskolat\u00f6rt\u00e9net - Berde M\u00f3zes Unit\u00e1rius Gimn\u00e1zium","robots":{"index":"noindex","follow":"follow","max-snippet":"max-snippet:-1","max-image-preview":"max-image-preview:large","max-video-preview":"max-video-preview:-1"},"og_locale":"hu_HU","og_type":"article","og_title":"Iskolat\u00f6rt\u00e9net - Berde M\u00f3zes Unit\u00e1rius Gimn\u00e1zium","og_description":"\u201eMusis et virtutibus\u201d A sz\u00e9kelykereszt\u00fari Berde M\u00f3zes Unit\u00e1rius Gimn\u00e1zium r\u00f6vid t\u00f6rt\u00e9neti \u00e1ttekint\u00e9se Egy 1568-ban kelt dedik\u00e1ci\u00f3b\u00f3l kit\u0171nik, hogy m\u00e1r l\u00e9tez\u0151 unit\u00e1rius iskola mestere Szemerjai Bora Andr\u00e1s, azonban ezen iskola m\u0171k\u00f6d\u00e9s\u00e9nek ...","og_url":"https:\/\/berdemozes.ro\/index.php\/iskolatortenet\/","og_site_name":"Berde M\u00f3zes Unit\u00e1rius Gimn\u00e1zium","article_publisher":"https:\/\/www.facebook.com\/bmugim","article_modified_time":"2021-02-22T06:25:26+00:00","og_image":[{"url":"http:\/\/berdemozes.ro\/wp-content\/uploads\/2021\/02\/banner_keresztur2-page-kicsi.jpg"}],"twitter_card":"summary_large_image","twitter_misc":{"Becs\u00fclt olvas\u00e1si id\u0151":"6 perc"},"schema":{"@context":"https:\/\/schema.org","@graph":[{"@type":"WebPage","@id":"https:\/\/berdemozes.ro\/index.php\/iskolatortenet\/","url":"https:\/\/berdemozes.ro\/index.php\/iskolatortenet\/","name":"Iskolat\u00f6rt\u00e9net - Berde M\u00f3zes Unit\u00e1rius Gimn\u00e1zium","isPartOf":{"@id":"https:\/\/berdemozes.ro\/#website"},"datePublished":"2020-11-10T14:44:51+00:00","dateModified":"2021-02-22T06:25:26+00:00","breadcrumb":{"@id":"https:\/\/berdemozes.ro\/index.php\/iskolatortenet\/#breadcrumb"},"inLanguage":"hu","potentialAction":[{"@type":"ReadAction","target":["https:\/\/berdemozes.ro\/index.php\/iskolatortenet\/"]}]},{"@type":"BreadcrumbList","@id":"https:\/\/berdemozes.ro\/index.php\/iskolatortenet\/#breadcrumb","itemListElement":[{"@type":"ListItem","position":1,"name":"Home","item":"https:\/\/berdemozes.ro\/"},{"@type":"ListItem","position":2,"name":"Iskolat\u00f6rt\u00e9net"}]},{"@type":"WebSite","@id":"https:\/\/berdemozes.ro\/#website","url":"https:\/\/berdemozes.ro\/","name":"Berde M\u00f3zes Unit\u00e1rius Gimn\u00e1zium","description":"A sz\u00e9kelykereszt\u00fari Berde M\u00f3zes Unit\u00e1rius Gimn\u00e1zium weboldala.","publisher":{"@id":"https:\/\/berdemozes.ro\/#organization"},"potentialAction":[{"@type":"SearchAction","target":{"@type":"EntryPoint","urlTemplate":"https:\/\/berdemozes.ro\/?s={search_term_string}"},"query-input":"required name=search_term_string"}],"inLanguage":"hu"},{"@type":"Organization","@id":"https:\/\/berdemozes.ro\/#organization","name":"Berde M\u00f3zes Unit\u00e1rius Gimn\u00e1zium","url":"https:\/\/berdemozes.ro\/","logo":{"@type":"ImageObject","inLanguage":"hu","@id":"https:\/\/berdemozes.ro\/#\/schema\/logo\/image\/","url":"https:\/\/berdemozes.ro\/wp-content\/uploads\/2020\/11\/cropped-HEADER-LOGO-2-1.png","contentUrl":"https:\/\/berdemozes.ro\/wp-content\/uploads\/2020\/11\/cropped-HEADER-LOGO-2-1.png","width":213,"height":48,"caption":"Berde M\u00f3zes Unit\u00e1rius Gimn\u00e1zium"},"image":{"@id":"https:\/\/berdemozes.ro\/#\/schema\/logo\/image\/"},"sameAs":["https:\/\/www.facebook.com\/bmugim"]}]}},"jetpack_sharing_enabled":true,"_links":{"self":[{"href":"https:\/\/berdemozes.ro\/index.php\/wp-json\/wp\/v2\/pages\/74"}],"collection":[{"href":"https:\/\/berdemozes.ro\/index.php\/wp-json\/wp\/v2\/pages"}],"about":[{"href":"https:\/\/berdemozes.ro\/index.php\/wp-json\/wp\/v2\/types\/page"}],"author":[{"embeddable":true,"href":"https:\/\/berdemozes.ro\/index.php\/wp-json\/wp\/v2\/users\/1"}],"replies":[{"embeddable":true,"href":"https:\/\/berdemozes.ro\/index.php\/wp-json\/wp\/v2\/comments?post=74"}],"version-history":[{"count":7,"href":"https:\/\/berdemozes.ro\/index.php\/wp-json\/wp\/v2\/pages\/74\/revisions"}],"predecessor-version":[{"id":3136,"href":"https:\/\/berdemozes.ro\/index.php\/wp-json\/wp\/v2\/pages\/74\/revisions\/3136"}],"wp:attachment":[{"href":"https:\/\/berdemozes.ro\/index.php\/wp-json\/wp\/v2\/media?parent=74"}],"curies":[{"name":"wp","href":"https:\/\/api.w.org\/{rel}","templated":true}]}}